CRAN Package Check Results for Package HTMLUtils

Last updated on 2019-05-19 17:57:32 CEST.

Flavor Version Tinstall Tcheck Ttotal Status Flags
r-devel-linux-x86_64-debian-clang 0.1.7 1.89 20.81 22.70 NOTE
r-devel-linux-x86_64-debian-gcc 0.1.7 1.50 17.20 18.70 NOTE
r-devel-linux-x86_64-fedora-clang 0.1.7 27.20 NOTE
r-devel-linux-x86_64-fedora-gcc 0.1.7 26.00 NOTE
r-devel-windows-ix86+x86_64 0.1.7 11.00 42.00 53.00 NOTE
r-patched-linux-x86_64 0.1.7 1.98 21.11 23.09 NOTE
r-patched-solaris-x86 0.1.7 42.80 NOTE
r-release-linux-x86_64 0.1.7 1.76 21.09 22.85 NOTE
r-release-windows-ix86+x86_64 0.1.7 10.00 43.00 53.00 NOTE
r-release-osx-x86_64 0.1.7 NOTE
r-oldrel-windows-ix86+x86_64 0.1.7 6.00 50.00 56.00 NOTE
r-oldrel-osx-x86_64 0.1.7 NOTE

Check Details

Version: 0.1.7
Check: R code for possible problems
Result: NOTE
    BasicHTML: no visible global function definition for 'png'
    BasicHTML: no visible global function definition for 'dev.list'
    BasicHTML: no visible global function definition for 'dev.off'
    FramedHTML: no visible global function definition for 'graphics.off'
    Undefined global functions or variables:
     dev.list dev.off graphics.off png
    Consider adding
     importFrom("grDevices", "dev.list", "dev.off", "graphics.off", "png")
    to your NAMESPACE file.
Flavors: r-devel-linux-x86_64-debian-clang, r-devel-linux-x86_64-debian-gcc, r-devel-linux-x86_64-fedora-clang, r-devel-linux-x86_64-fedora-gcc, r-devel-windows-ix86+x86_64, r-patched-linux-x86_64, r-patched-solaris-x86, r-release-linux-x86_64, r-release-windows-ix86+x86_64, r-release-osx-x86_64, r-oldrel-windows-ix86+x86_64, r-oldrel-osx-x86_64