Last updated on 2024-04-20 00:04:24 CEST.
Flavor | Version | Tinstall | Tcheck | Ttotal | Status | Flags |
---|---|---|---|---|---|---|
r-devel-linux-x86_64-debian-clang | 2.0.11 | 8.08 | 63.16 | 71.24 | OK | |
r-devel-linux-x86_64-debian-gcc | 2.0.11 | OK | ||||
r-devel-linux-x86_64-fedora-clang | 2.0.11 | 91.17 | OK | |||
r-devel-linux-x86_64-fedora-gcc | 2.0.11 | 98.04 | OK | |||
r-prerel-macos-arm64 | 2.0.11 | 28.00 | OK | |||
r-prerel-macos-x86_64 | 2.0.11 | 61.00 | OK | |||
r-prerel-windows-x86_64 | 2.0.11 | 7.00 | 71.00 | 78.00 | OK | |
r-patched-linux-x86_64 | 2.0.11 | 8.24 | 60.81 | 69.05 | OK | |
r-release-linux-x86_64 | 2.0.11 | 6.82 | 58.04 | 64.86 | OK | |
r-release-macos-arm64 | 2.0.11 | 41.00 | NOTE | |||
r-release-macos-x86_64 | 2.0.11 | 92.00 | NOTE | |||
r-release-windows-x86_64 | 2.0.11 | 6.00 | 74.00 | 80.00 | OK | |
r-oldrel-macos-arm64 | 2.0.11 | 33.00 | OK | |||
r-oldrel-windows-x86_64 | 2.0.11 | 9.00 | 81.00 | 90.00 | OK |
Version: 2.0.11
Check: package dependencies
Result: NOTE
Package suggested but not available for checking: ‘HTSFilter’
Flavors: r-release-macos-arm64, r-release-macos-x86_64