Last updated on 2023-10-01 17:56:27 CEST.
Flavor | Version | Tinstall | Tcheck | Ttotal | Status | Flags |
---|---|---|---|---|---|---|
r-devel-linux-x86_64-debian-clang | 2.0.11 | 8.42 | 60.58 | 69.00 | OK | |
r-devel-linux-x86_64-debian-gcc | 2.0.11 | 6.40 | 45.70 | 52.10 | OK | |
r-devel-linux-x86_64-fedora-clang | 2.0.11 | 83.16 | OK | |||
r-devel-linux-x86_64-fedora-gcc | 2.0.11 | 97.99 | OK | |||
r-devel-windows-x86_64 | 2.0.11 | 8.00 | 73.00 | 81.00 | OK | |
r-patched-linux-x86_64 | 2.0.11 | 8.92 | 59.74 | 68.66 | OK | |
r-release-linux-x86_64 | 2.0.11 | 8.23 | 60.02 | 68.25 | OK | |
r-release-macos-arm64 | 2.0.11 | 41.00 | NOTE | |||
r-release-macos-x86_64 | 2.0.11 | 92.00 | NOTE | |||
r-release-windows-x86_64 | 2.0.11 | 6.00 | 77.00 | 83.00 | OK | |
r-oldrel-macos-arm64 | 2.0.11 | 33.00 | OK | |||
r-oldrel-macos-x86_64 | 2.0.11 | 42.00 | NOTE | |||
r-oldrel-windows-x86_64 | 2.0.11 | 10.00 | 82.00 | 92.00 | OK |
Version: 2.0.11
Check: package dependencies
Result: NOTE
Package suggested but not available for checking: ‘HTSFilter’
Flavors: r-release-macos-arm64, r-release-macos-x86_64, r-oldrel-macos-x86_64