Last updated on 2023-03-24 06:50:38 CET.
Flavor | Version | Tinstall | Tcheck | Ttotal | Status | Flags |
---|---|---|---|---|---|---|
r-devel-linux-x86_64-debian-clang | 1.2.0 | 29.18 | 259.84 | 289.02 | OK | |
r-devel-linux-x86_64-debian-gcc | 1.2.0 | 21.87 | 194.43 | 216.30 | OK | |
r-devel-linux-x86_64-fedora-clang | 1.2.0 | 365.71 | OK | |||
r-devel-linux-x86_64-fedora-gcc | 1.2.0 | 365.43 | OK | |||
r-devel-windows-x86_64 | 1.2.0 | 96.00 | 360.00 | 456.00 | OK | |
r-patched-linux-x86_64 | 1.2.0 | 40.26 | 239.17 | 279.43 | OK | |
r-release-linux-x86_64 | 1.2.0 | 26.33 | 237.18 | 263.51 | OK | |
r-release-macos-arm64 | 1.2.0 | 66.00 | OK | |||
r-release-macos-x86_64 | 1.2.0 | 116.00 | OK | |||
r-release-windows-x86_64 | 1.2.0 | 123.00 | 352.00 | 475.00 | OK | |
r-oldrel-macos-arm64 | 1.2.0 | 86.00 | OK | |||
r-oldrel-macos-x86_64 | 1.2.0 | 128.00 | OK | |||
r-oldrel-windows-ix86+x86_64 | 1.2.0 | 67.00 | 336.00 | 403.00 | NOTE |
Version: 1.2.0
Check: dependencies in R code
Result: NOTE
Initiating curl with CURL_SSL_BACKEND: openssl
Flavor: r-oldrel-windows-ix86+x86_64