Last updated on 2024-04-20 00:04:24 CEST.
Flavor | Version | Tinstall | Tcheck | Ttotal | Status | Flags |
---|---|---|---|---|---|---|
r-devel-linux-x86_64-debian-clang | 7.3.1 | 28.18 | 431.00 | 459.18 | OK | |
r-devel-linux-x86_64-debian-gcc | 7.3.1 | OK | ||||
r-devel-linux-x86_64-fedora-clang | 7.3.1 | 556.59 | OK | |||
r-devel-linux-x86_64-fedora-gcc | 7.3.1 | 548.15 | OK | |||
r-prerel-macos-arm64 | 7.3.1 | 138.00 | NOTE | |||
r-prerel-macos-x86_64 | 7.3.1 | 413.00 | NOTE | |||
r-prerel-windows-x86_64 | 7.3.1 | 24.00 | 333.00 | 357.00 | OK | |
r-patched-linux-x86_64 | 7.3.1 | 25.74 | 416.02 | 441.76 | OK | |
r-release-linux-x86_64 | 7.3.1 | 25.04 | 408.00 | 433.04 | OK | |
r-release-macos-arm64 | 7.3.1 | 140.00 | NOTE | |||
r-release-macos-x86_64 | 7.3.1 | 370.00 | NOTE | |||
r-release-windows-x86_64 | 7.3.1 | 33.00 | 417.00 | 450.00 | OK | |
r-oldrel-macos-arm64 | 7.3.1 | 156.00 | NOTE | |||
r-oldrel-windows-x86_64 | 7.3.1 | 34.00 | 410.00 | 444.00 | OK |
Version: 7.3.1
Check: package dependencies
Result: NOTE
Package suggested but not available for checking: ‘Rmpi’
Flavors: r-prerel-macos-arm64, r-prerel-macos-x86_64, r-release-macos-arm64, r-release-macos-x86_64, r-oldrel-macos-arm64