Last updated on 2024-04-20 05:58:55 CEST.
Flavor | Version | Tinstall | Tcheck | Ttotal | Status | Flags |
---|---|---|---|---|---|---|
r-devel-linux-x86_64-debian-clang | 1.0.0 | 8.69 | 76.59 | 85.28 | OK | |
r-devel-linux-x86_64-debian-gcc | 1.0.0 | 7.23 | 58.30 | 65.53 | OK | |
r-devel-linux-x86_64-fedora-clang | 1.0.0 | 105.46 | OK | |||
r-devel-linux-x86_64-fedora-gcc | 1.0.0 | 113.70 | OK | |||
r-prerel-macos-arm64 | 1.0.0 | 39.00 | OK | |||
r-prerel-macos-x86_64 | 1.0.0 | 87.00 | OK | |||
r-prerel-windows-x86_64 | 1.0.0 | 8.00 | 78.00 | 86.00 | OK | |
r-patched-linux-x86_64 | 1.0.0 | 7.31 | 74.31 | 81.62 | OK | |
r-release-linux-x86_64 | 1.0.0 | 9.41 | 74.77 | 84.18 | OK | |
r-release-macos-arm64 | 1.0.0 | 44.00 | OK | |||
r-release-macos-x86_64 | 1.0.0 | 94.00 | OK | |||
r-release-windows-x86_64 | 1.0.0 | 10.00 | 86.00 | 96.00 | OK | |
r-oldrel-macos-arm64 | 1.0.0 | 10.00 | ERROR | |||
r-oldrel-windows-x86_64 | 1.0.0 | 11.00 | 89.00 | 100.00 | OK |
Version: 1.0.0
Check: package dependencies
Result: ERROR
Package required but not available: ‘fmrs’
See section ‘The DESCRIPTION file’ in the ‘Writing R Extensions’
manual.
Flavor: r-oldrel-macos-arm64