Last updated on 2023-10-05 01:01:46 CEST.
Flavor | Version | Tinstall | Tcheck | Ttotal | Status | Flags |
---|---|---|---|---|---|---|
r-devel-linux-x86_64-debian-clang | 1.0.0 | 9.73 | 78.06 | 87.79 | OK | |
r-devel-linux-x86_64-debian-gcc | 1.0.0 | 8.40 | 60.19 | 68.59 | OK | |
r-devel-linux-x86_64-fedora-clang | 1.0.0 | 105.88 | OK | |||
r-devel-linux-x86_64-fedora-gcc | 1.0.0 | 125.58 | OK | |||
r-devel-windows-x86_64 | 1.0.0 | 10.00 | 80.00 | 90.00 | OK | |
r-patched-linux-x86_64 | 1.0.0 | 8.82 | 75.76 | 84.58 | OK | |
r-release-linux-x86_64 | 1.0.0 | 7.86 | 75.79 | 83.65 | OK | |
r-release-macos-arm64 | 1.0.0 | 44.00 | OK | |||
r-release-macos-x86_64 | 1.0.0 | 94.00 | OK | |||
r-release-windows-x86_64 | 1.0.0 | 12.00 | 92.00 | 104.00 | OK | |
r-oldrel-macos-arm64 | 1.0.0 | 99.00 | ERROR | |||
r-oldrel-macos-x86_64 | 1.0.0 | 102.00 | ERROR | |||
r-oldrel-windows-x86_64 | 1.0.0 | 12.00 | 98.00 | 110.00 | OK |
Version: 1.0.0
Check: package dependencies
Result: ERROR
Package required but not available: ‘fmrs’
See section ‘The DESCRIPTION file’ in the ‘Writing R Extensions’
manual.
Flavors: r-oldrel-macos-arm64, r-oldrel-macos-x86_64