Last updated on 2023-09-26 12:07:29 CEST.
Flavor | Version | Tinstall | Tcheck | Ttotal | Status | Flags |
---|---|---|---|---|---|---|
r-devel-linux-x86_64-debian-clang | 1.0.7 | 75.63 | 162.96 | 238.59 | NOTE | |
r-devel-linux-x86_64-debian-gcc | 1.0.7 | 51.03 | 119.47 | 170.50 | NOTE | |
r-devel-linux-x86_64-fedora-clang | 1.0.7 | 327.28 | NOTE | |||
r-devel-linux-x86_64-fedora-gcc | 1.0.7 | 321.77 | NOTE | |||
r-devel-windows-x86_64 | 1.0.7 | 55.00 | 163.00 | 218.00 | NOTE | |
r-patched-linux-x86_64 | 1.0.7 | 60.54 | 154.18 | 214.72 | NOTE | |
r-release-linux-x86_64 | 1.0.7 | 55.57 | 154.47 | 210.04 | NOTE | |
r-release-macos-arm64 | 1.0.7 | 86.00 | NOTE | |||
r-release-macos-x86_64 | 1.0.7 | 137.00 | NOTE | |||
r-release-windows-x86_64 | 1.0.7 | 74.00 | 202.00 | 276.00 | NOTE | |
r-oldrel-macos-arm64 | 1.0.7 | 79.00 | NOTE | |||
r-oldrel-macos-x86_64 | 1.0.7 | 109.00 | NOTE | |||
r-oldrel-windows-x86_64 | 1.0.7 | 71.00 | 180.00 | 251.00 | OK |
Version: 1.0.7
Check: C++ specification
Result: NOTE
Specified C++11: please drop specification unless essential
Flavors: r-devel-linux-x86_64-debian-clang, r-devel-linux-x86_64-debian-gcc, r-devel-linux-x86_64-fedora-clang, r-devel-linux-x86_64-fedora-gcc, r-devel-windows-x86_64, r-patched-linux-x86_64, r-release-linux-x86_64, r-release-macos-arm64, r-release-macos-x86_64, r-release-windows-x86_64
Version: 1.0.7
Check: Rd contents
Result: NOTE
Auto-generated content requiring editing in Rd object 'HistDAWass-package':
\details: ‘...o use the package, including the most important functions ~~’
Flavors: r-devel-linux-x86_64-debian-clang, r-devel-linux-x86_64-debian-gcc, r-devel-linux-x86_64-fedora-clang, r-devel-linux-x86_64-fedora-gcc, r-devel-windows-x86_64
Version: 1.0.7
Check: dependencies in R code
Result: NOTE
Namespace in Imports field not imported from: ‘plyr’
All declared Imports should be used.
Flavors: r-devel-linux-x86_64-fedora-clang, r-devel-linux-x86_64-fedora-gcc, r-oldrel-macos-arm64, r-oldrel-macos-x86_64
Version: 1.0.7
Check: installed package size
Result: NOTE
installed size is 7.1Mb
sub-directories of 1Mb or more:
data 1.0Mb
libs 5.1Mb
Flavors: r-release-macos-arm64, r-release-macos-x86_64, r-oldrel-macos-arm64, r-oldrel-macos-x86_64