CRAN Package Check Results for Package HistData

Last updated on 2021-01-24 05:48:11 CET.

Flavor Version Tinstall Tcheck Ttotal Status Flags
r-devel-linux-x86_64-debian-clang 0.8-6 2.83 54.97 57.80 NOTE
r-devel-linux-x86_64-debian-gcc 0.8-6 2.04 43.59 45.63 NOTE
r-devel-linux-x86_64-fedora-clang 0.8-6 79.59 NOTE
r-devel-linux-x86_64-fedora-gcc 0.8-6 68.93 NOTE
r-devel-windows-ix86+x86_64 0.8-6 6.00 79.00 85.00 OK
r-patched-linux-x86_64 0.8-6 2.25 52.66 54.91 NOTE
r-patched-solaris-x86 0.8-6 95.00 NOTE
r-release-linux-x86_64 0.8-6 2.67 52.23 54.90 NOTE
r-release-macos-x86_64 0.8-6 OK
r-release-windows-ix86+x86_64 0.8-6 5.00 82.00 87.00 OK
r-oldrel-macos-x86_64 0.8-6 OK
r-oldrel-windows-ix86+x86_64 0.8-6 4.00 68.00 72.00 OK

Check Details

Version: 0.8-6
Check: Rd cross-references
Result: NOTE
    Unknown package 'alr3' in Rd xrefs
Flavors: r-devel-linux-x86_64-debian-clang, r-devel-linux-x86_64-debian-gcc, r-devel-linux-x86_64-fedora-gcc, r-patched-linux-x86_64, r-patched-solaris-x86, r-release-linux-x86_64

Version: 0.8-6
Check: Rd cross-references
Result: NOTE
    Undeclared packages ‘Guerry’, ‘alr3’, ‘agridat’, ‘coin’ in Rd xrefs
    Unknown package ‘alr3’ in Rd xrefs
Flavor: r-devel-linux-x86_64-fedora-clang