CRAN Package Check Results for Package Holomics

Last updated on 2024-04-21 17:56:29 CEST.

Flavor Version Tinstall Tcheck Ttotal Status Flags
r-devel-linux-x86_64-debian-clang 1.1.0 13.82 79.30 93.12 OK
r-devel-linux-x86_64-debian-gcc 1.1.0 8.95 59.88 68.83 OK
r-devel-linux-x86_64-fedora-clang 1.1.0 121.59 NOTE
r-devel-linux-x86_64-fedora-gcc 1.1.0 127.53 NOTE
r-prerel-macos-arm64 1.1.0 40.00 NOTE
r-prerel-macos-x86_64 1.1.0 107.00 NOTE
r-prerel-windows-x86_64 1.1.0 12.00 76.00 88.00 NOTE
r-patched-linux-x86_64 1.1.0 12.08 77.35 89.43 OK
r-release-linux-x86_64 1.1.0 8.08 75.57 83.65 OK
r-release-macos-arm64 1.1.0 45.00 NOTE
r-release-macos-x86_64 1.1.0 86.00 NOTE
r-release-windows-x86_64 1.1.0 14.00 87.00 101.00 NOTE
r-oldrel-macos-arm64 1.1.0 41.00 NOTE
r-oldrel-windows-x86_64 1.1.0 17.00 101.00 118.00 NOTE

Check Details

Version: 1.1.0
Check: package dependencies
Result: NOTE Imports includes 21 non-default packages. Importing from so many packages makes the package vulnerable to any of them becoming unavailable. Move as many as possible to Suggests and use conditionally. Flavor: r-devel-linux-x86_64-fedora-clang

Version: 1.1.0
Check: installed package size
Result: NOTE installed size is 5.3Mb sub-directories of 1Mb or more: app 1.7Mb doc 3.3Mb Flavors: r-devel-linux-x86_64-fedora-clang, r-prerel-macos-arm64, r-prerel-macos-x86_64, r-prerel-windows-x86_64, r-release-macos-arm64, r-release-macos-x86_64, r-release-windows-x86_64, r-oldrel-macos-arm64, r-oldrel-windows-x86_64

Version: 1.1.0
Check: dependencies in R code
Result: NOTE Namespace in Imports field not imported from: ‘markdown’ All declared Imports should be used. Flavors: r-devel-linux-x86_64-fedora-clang, r-devel-linux-x86_64-fedora-gcc