Last updated on 2022-05-18 00:53:14 CEST.
Flavor | Version | Tinstall | Tcheck | Ttotal | Status | Flags |
---|---|---|---|---|---|---|
r-devel-linux-x86_64-debian-clang | 0.10.11 | 12.15 | 149.04 | 161.19 | OK | |
r-devel-linux-x86_64-debian-gcc | 0.10.11 | 10.00 | 109.18 | 119.18 | OK | |
r-devel-linux-x86_64-fedora-clang | 0.10.11 | 183.17 | NOTE | |||
r-devel-linux-x86_64-fedora-gcc | 0.10.11 | 193.26 | NOTE | |||
r-devel-windows-x86_64 | 0.10.11 | 51.00 | 195.00 | 246.00 | OK | |
r-patched-linux-x86_64 | 0.10.11 | 11.44 | 137.07 | 148.51 | OK | |
r-release-linux-x86_64 | 0.10.11 | 10.25 | 136.06 | 146.31 | OK | |
r-release-macos-arm64 | 0.10.11 | 58.00 | NOTE | |||
r-release-macos-x86_64 | 0.10.11 | 78.00 | NOTE | |||
r-release-windows-x86_64 | 0.10.11 | 67.00 | 184.00 | 251.00 | OK | |
r-oldrel-macos-arm64 | 0.10.11 | 52.00 | NOTE | |||
r-oldrel-macos-x86_64 | 0.10.11 | 98.00 | NOTE | |||
r-oldrel-windows-ix86+x86_64 | 0.10.11 | 24.00 | 178.00 | 202.00 | OK |
Version: 0.10.11
Check: dependencies in R code
Result: NOTE
Namespace in Imports field not imported from: ‘graph’
All declared Imports should be used.
Flavors: r-devel-linux-x86_64-fedora-clang, r-devel-linux-x86_64-fedora-gcc, r-release-macos-arm64, r-release-macos-x86_64, r-oldrel-macos-arm64, r-oldrel-macos-x86_64