Last updated on 2024-08-16 11:49:42 CEST.
Flavor | Version | Tinstall | Tcheck | Ttotal | Status | Flags |
---|---|---|---|---|---|---|
r-devel-linux-x86_64-debian-clang | 0.3 | 4.18 | 39.16 | 43.34 | NOTE | |
r-devel-linux-x86_64-debian-gcc | 0.3 | 3.86 | 28.96 | 32.82 | NOTE | |
r-devel-linux-x86_64-fedora-clang | 0.3 | 69.11 | NOTE | |||
r-devel-linux-x86_64-fedora-gcc | 0.3 | 67.96 | NOTE | |||
r-devel-windows-x86_64 | 0.3 | 7.00 | 61.00 | 68.00 | NOTE | |
r-patched-linux-x86_64 | 0.3 | 4.59 | 37.14 | 41.73 | NOTE | |
r-release-linux-x86_64 | 0.3 | 4.22 | 37.69 | 41.91 | NOTE | |
r-release-macos-arm64 | 0.3 | 25.00 | NOTE | |||
r-release-macos-x86_64 | 0.3 | 46.00 | NOTE | |||
r-release-windows-x86_64 | 0.3 | 6.00 | 61.00 | 67.00 | NOTE | |
r-oldrel-macos-arm64 | 0.3 | 26.00 | OK | |||
r-oldrel-macos-x86_64 | 0.3 | 38.00 | OK | |||
r-oldrel-windows-x86_64 | 0.3 | 8.00 | 66.00 | 74.00 | OK |
Version: 0.3
Check: Rd files
Result: NOTE
checkRd: (-1) IATData.Rd:24: Lost braces; missing escapes or markup?
24 | Dan Martin {dpmartin42@gmail.com}
| ^
Flavors: r-devel-linux-x86_64-debian-clang, r-devel-linux-x86_64-debian-gcc, r-devel-linux-x86_64-fedora-clang, r-devel-linux-x86_64-fedora-gcc, r-devel-windows-x86_64, r-patched-linux-x86_64, r-release-linux-x86_64, r-release-macos-arm64, r-release-macos-x86_64, r-release-windows-x86_64