Last updated on 2023-03-22 05:52:28 CET.
Flavor | Version | Tinstall | Tcheck | Ttotal | Status | Flags |
---|---|---|---|---|---|---|
r-devel-linux-x86_64-debian-clang | 1.0.1 | 162.13 | 134.16 | 296.29 | NOTE | |
r-devel-linux-x86_64-debian-gcc | 1.0.1 | 118.85 | 98.27 | 217.12 | NOTE | |
r-devel-linux-x86_64-fedora-clang | 1.0.1 | 425.11 | NOTE | |||
r-devel-linux-x86_64-fedora-gcc | 1.0.1 | 365.92 | NOTE | |||
r-devel-windows-x86_64 | 1.0.1 | 145.00 | 179.00 | 324.00 | NOTE | |
r-patched-linux-x86_64 | 1.0.1 | 133.61 | 119.90 | 253.51 | NOTE | |
r-release-linux-x86_64 | 1.0.1 | 102.08 | 119.80 | 221.88 | NOTE | |
r-release-macos-arm64 | 1.0.1 | 79.00 | NOTE | |||
r-release-macos-x86_64 | 1.0.1 | 132.00 | NOTE | |||
r-release-windows-x86_64 | 1.0.1 | 127.00 | 178.00 | 305.00 | NOTE | |
r-oldrel-macos-arm64 | 1.0.1 | 93.00 | NOTE | |||
r-oldrel-macos-x86_64 | 1.0.1 | 117.00 | NOTE | |||
r-oldrel-windows-ix86+x86_64 | 1.0.1 | 347.00 | 226.00 | 573.00 | NOTE |
Version: 1.0.1
Check: LazyData
Result: NOTE
'LazyData' is specified without a 'data' directory
Flavors: r-devel-linux-x86_64-debian-clang, r-devel-linux-x86_64-debian-gcc, r-devel-linux-x86_64-fedora-clang, r-devel-linux-x86_64-fedora-gcc, r-devel-windows-x86_64, r-patched-linux-x86_64, r-release-linux-x86_64, r-release-macos-arm64, r-release-macos-x86_64, r-release-windows-x86_64, r-oldrel-macos-arm64, r-oldrel-macos-x86_64, r-oldrel-windows-ix86+x86_64
Version: 1.0.1
Check: installed package size
Result: NOTE
installed size is 7.0Mb
sub-directories of 1Mb or more:
libs 6.2Mb
Flavors: r-release-macos-arm64, r-release-macos-x86_64, r-oldrel-macos-arm64, r-oldrel-macos-x86_64