CRAN Package Check Results for Package ICAOD

Last updated on 2019-07-16 05:48:17 CEST.

Flavor Version Tinstall Tcheck Ttotal Status Flags
r-devel-linux-x86_64-debian-clang 0.9.9 120.30 113.26 233.56 OK
r-devel-linux-x86_64-debian-gcc 0.9.9 94.76 83.24 178.00 OK
r-devel-linux-x86_64-fedora-clang 0.9.9 331.54 NOTE
r-devel-linux-x86_64-fedora-gcc 0.9.9 313.48 OK
r-devel-windows-ix86+x86_64 0.9.9 302.00 241.00 543.00 OK
r-patched-linux-x86_64 0.9.9 103.77 112.21 215.98 OK
r-patched-solaris-x86 0.9.9 289.40 OK
r-release-linux-x86_64 0.9.9 112.43 111.37 223.80 OK
r-release-windows-ix86+x86_64 0.9.9 204.00 186.00 390.00 OK
r-release-osx-x86_64 0.9.9 NOTE
r-oldrel-windows-ix86+x86_64 0.9.9 276.00 216.00 492.00 OK
r-oldrel-osx-x86_64 0.9.9 NOTE

Check Details

Version: 0.9.9
Check: installed package size
Result: NOTE
     installed size is 7.3Mb
     sub-directories of 1Mb or more:
     libs 6.1Mb
Flavors: r-devel-linux-x86_64-fedora-clang, r-release-osx-x86_64, r-oldrel-osx-x86_64