CRAN Package Check Results for Package ICAOD

Last updated on 2019-02-19 22:51:31 CET.

Flavor Version Tinstall Tcheck Ttotal Status Flags
r-devel-linux-x86_64-debian-clang 0.9.8 117.76 109.16 226.92 OK
r-devel-linux-x86_64-debian-gcc 0.9.8 96.22 80.71 176.93 OK
r-devel-linux-x86_64-fedora-clang 0.9.8 321.10 NOTE
r-devel-linux-x86_64-fedora-gcc 0.9.8 283.51 OK
r-devel-windows-ix86+x86_64 0.9.8 271.00 232.00 503.00 OK
r-patched-linux-x86_64 0.9.8 112.82 104.64 217.46 OK
r-patched-solaris-x86 0.9.8 272.00 OK
r-release-linux-x86_64 0.9.8 115.59 106.47 222.06 OK
r-release-windows-ix86+x86_64 0.9.8 196.00 222.00 418.00 OK
r-release-osx-x86_64 0.9.8 NOTE
r-oldrel-windows-ix86+x86_64 0.9.8 268.00 190.00 458.00 OK
r-oldrel-osx-x86_64 0.9.8 NOTE

Check Details

Version: 0.9.8
Check: installed package size
Result: NOTE
     installed size is 6.9Mb
     sub-directories of 1Mb or more:
     libs 6.1Mb
Flavors: r-devel-linux-x86_64-fedora-clang, r-release-osx-x86_64, r-oldrel-osx-x86_64