Last updated on 2023-09-25 12:01:41 CEST.
Flavor | Version | Tinstall | Tcheck | Ttotal | Status | Flags |
---|---|---|---|---|---|---|
r-devel-linux-x86_64-debian-clang | 0.0.1 | 4.41 | 50.28 | 54.69 | OK | |
r-devel-linux-x86_64-debian-gcc | 0.0.1 | 4.06 | 38.65 | 42.71 | OK | |
r-devel-linux-x86_64-fedora-clang | 0.0.1 | 76.54 | NOTE | |||
r-devel-linux-x86_64-fedora-gcc | 0.0.1 | 84.31 | NOTE | |||
r-devel-windows-x86_64 | 0.0.1 | 6.00 | 60.00 | 66.00 | OK | |
r-patched-linux-x86_64 | 0.0.1 | 3.70 | 47.81 | 51.51 | OK | |
r-release-linux-x86_64 | 0.0.1 | 3.72 | 48.34 | 52.06 | OK | |
r-release-macos-arm64 | 0.0.1 | 30.00 | OK | |||
r-release-macos-x86_64 | 0.0.1 | 42.00 | OK | |||
r-release-windows-x86_64 | 0.0.1 | 8.00 | 65.00 | 73.00 | OK | |
r-oldrel-macos-arm64 | 0.0.1 | 20.00 | NOTE | |||
r-oldrel-macos-x86_64 | 0.0.1 | 32.00 | NOTE | |||
r-oldrel-windows-x86_64 | 0.0.1 | 9.00 | 71.00 | 80.00 | OK |
Version: 0.0.1
Check: dependencies in R code
Result: NOTE
Namespace in Imports field not imported from: ‘knitr’
All declared Imports should be used.
Flavors: r-devel-linux-x86_64-fedora-clang, r-devel-linux-x86_64-fedora-gcc, r-oldrel-macos-arm64, r-oldrel-macos-x86_64