Last updated on 2025-01-17 17:48:25 CET.
Flavor | Version | Tinstall | Tcheck | Ttotal | Status | Flags |
---|---|---|---|---|---|---|
r-devel-linux-x86_64-debian-clang | 0.2.0 | 23.85 | 84.31 | 108.16 | NOTE | |
r-devel-linux-x86_64-debian-gcc | 0.2.0 | 16.84 | 58.47 | 75.31 | NOTE | |
r-devel-linux-x86_64-fedora-clang | 0.2.0 | 179.60 | NOTE | |||
r-devel-linux-x86_64-fedora-gcc | 0.2.0 | 178.99 | NOTE | |||
r-devel-windows-x86_64 | 0.2.0 | 26.00 | 117.00 | 143.00 | NOTE | |
r-patched-linux-x86_64 | 0.2.0 | 21.58 | 79.30 | 100.88 | NOTE | |
r-release-linux-x86_64 | 0.2.0 | 23.82 | 78.49 | 102.31 | NOTE | |
r-release-macos-arm64 | 0.2.0 | 56.00 | NOTE | |||
r-release-macos-x86_64 | 0.2.0 | 82.00 | NOTE | |||
r-release-windows-x86_64 | 0.2.0 | 27.00 | 110.00 | 137.00 | NOTE | |
r-oldrel-macos-arm64 | 0.2.0 | 62.00 | NOTE | |||
r-oldrel-macos-x86_64 | 0.2.0 | 100.00 | NOTE | |||
r-oldrel-windows-x86_64 | 0.2.0 | 25.00 | 134.00 | 159.00 | NOTE |
Version: 0.2.0
Check: C++ specification
Result: NOTE
Specified C++11: please drop specification unless essential
Flavors: r-devel-linux-x86_64-debian-clang, r-devel-linux-x86_64-debian-gcc, r-devel-linux-x86_64-fedora-clang, r-devel-linux-x86_64-fedora-gcc, r-devel-windows-x86_64, r-patched-linux-x86_64, r-release-linux-x86_64, r-release-macos-arm64, r-release-macos-x86_64, r-release-windows-x86_64, r-oldrel-macos-arm64, r-oldrel-macos-x86_64, r-oldrel-windows-x86_64