CRAN Package Check Results for Package ICsurv

Last updated on 2019-02-23 17:52:43 CET.

Flavor Version Tinstall Tcheck Ttotal Status Flags
r-devel-linux-x86_64-debian-clang 1.0 2.54 24.24 26.78 NOTE
r-devel-linux-x86_64-debian-gcc 1.0 1.98 18.98 20.96 NOTE
r-devel-linux-x86_64-fedora-clang 1.0 32.36 NOTE
r-devel-linux-x86_64-fedora-gcc 1.0 30.67 NOTE
r-devel-windows-ix86+x86_64 1.0 5.00 56.00 61.00 NOTE
r-patched-linux-x86_64 1.0 1.85 22.06 23.91 NOTE
r-patched-solaris-x86 1.0 44.30 NOTE
r-release-linux-x86_64 1.0 2.00 22.14 24.14 NOTE
r-release-windows-ix86+x86_64 1.0 4.00 74.00 78.00 NOTE
r-release-osx-x86_64 1.0 NOTE
r-oldrel-windows-ix86+x86_64 1.0 2.00 55.00 57.00 NOTE
r-oldrel-osx-x86_64 1.0 NOTE

Check Details

Version: 1.0
Check: R code for possible problems
Result: NOTE
    PH.ICsurv.EM: no visible global function definition for ‘quantile’
    PH.ICsurv.EM: no visible global function definition for ‘optim’
    fast.PH.ICsurv.EM: no visible global function definition for ‘quantile’
    fast.PH.ICsurv.EM: no visible global function definition for ‘optim’
    Undefined global functions or variables:
     optim quantile
    Consider adding
     importFrom("stats", "optim", "quantile")
    to your NAMESPACE file.
Flavors: r-devel-linux-x86_64-debian-clang, r-devel-linux-x86_64-debian-gcc, r-devel-linux-x86_64-fedora-clang, r-devel-linux-x86_64-fedora-gcc, r-devel-windows-ix86+x86_64, r-patched-linux-x86_64, r-patched-solaris-x86, r-release-linux-x86_64, r-release-windows-ix86+x86_64, r-release-osx-x86_64, r-oldrel-windows-ix86+x86_64, r-oldrel-osx-x86_64