CRAN Package Check Results for Package ICsurv

Last updated on 2019-04-18 17:50:27 CEST.

Flavor Version Tinstall Tcheck Ttotal Status Flags
r-devel-linux-x86_64-debian-clang 1.0 2.85 24.15 27.00 NOTE
r-devel-linux-x86_64-debian-gcc 1.0 2.10 19.11 21.21 NOTE
r-devel-linux-x86_64-fedora-clang 1.0 32.00 NOTE
r-devel-linux-x86_64-fedora-gcc 1.0 30.90 NOTE
r-devel-windows-ix86+x86_64 1.0 7.00 49.00 56.00 NOTE
r-patched-linux-x86_64 1.0 2.70 24.22 26.92 NOTE
r-patched-solaris-x86 1.0 48.50 NOTE
r-release-linux-x86_64 1.0 1.87 22.10 23.97 NOTE
r-release-windows-ix86+x86_64 1.0 4.00 51.00 55.00 NOTE
r-release-osx-x86_64 1.0 NOTE
r-oldrel-windows-ix86+x86_64 1.0 3.00 50.00 53.00 NOTE
r-oldrel-osx-x86_64 1.0 NOTE

Check Details

Version: 1.0
Check: R code for possible problems
Result: NOTE
    PH.ICsurv.EM: no visible global function definition for 'quantile'
    PH.ICsurv.EM: no visible global function definition for 'optim'
    fast.PH.ICsurv.EM: no visible global function definition for 'quantile'
    fast.PH.ICsurv.EM: no visible global function definition for 'optim'
    Undefined global functions or variables:
     optim quantile
    Consider adding
     importFrom("stats", "optim", "quantile")
    to your NAMESPACE file.
Flavors: r-devel-linux-x86_64-debian-clang, r-devel-linux-x86_64-debian-gcc, r-devel-linux-x86_64-fedora-clang, r-devel-linux-x86_64-fedora-gcc, r-devel-windows-ix86+x86_64, r-patched-linux-x86_64, r-patched-solaris-x86, r-release-linux-x86_64, r-release-windows-ix86+x86_64, r-release-osx-x86_64, r-oldrel-windows-ix86+x86_64, r-oldrel-osx-x86_64