CRAN Package Check Results for Package ICsurv

Last updated on 2019-07-16 05:48:17 CEST.

Flavor Version Tinstall Tcheck Ttotal Status Flags
r-devel-linux-x86_64-debian-clang 1.0 2.55 23.95 26.50 NOTE
r-devel-linux-x86_64-debian-gcc 1.0 2.16 18.95 21.11 NOTE
r-devel-linux-x86_64-fedora-clang 1.0 32.01 NOTE
r-devel-linux-x86_64-fedora-gcc 1.0 31.01 NOTE
r-devel-windows-ix86+x86_64 1.0 9.00 38.00 47.00 NOTE
r-patched-linux-x86_64 1.0 2.69 23.76 26.45 NOTE
r-patched-solaris-x86 1.0 50.60 NOTE
r-release-linux-x86_64 1.0 2.73 23.58 26.31 NOTE
r-release-windows-ix86+x86_64 1.0 5.00 53.00 58.00 NOTE
r-release-osx-x86_64 1.0 NOTE
r-oldrel-windows-ix86+x86_64 1.0 5.00 33.00 38.00 NOTE
r-oldrel-osx-x86_64 1.0 NOTE

Check Details

Version: 1.0
Check: R code for possible problems
Result: NOTE
    PH.ICsurv.EM: no visible global function definition for 'quantile'
    PH.ICsurv.EM: no visible global function definition for 'optim'
    fast.PH.ICsurv.EM: no visible global function definition for 'quantile'
    fast.PH.ICsurv.EM: no visible global function definition for 'optim'
    Undefined global functions or variables:
     optim quantile
    Consider adding
     importFrom("stats", "optim", "quantile")
    to your NAMESPACE file.
Flavors: r-devel-linux-x86_64-debian-clang, r-devel-linux-x86_64-debian-gcc, r-devel-linux-x86_64-fedora-clang, r-devel-linux-x86_64-fedora-gcc, r-devel-windows-ix86+x86_64, r-patched-linux-x86_64, r-patched-solaris-x86, r-release-linux-x86_64, r-release-windows-ix86+x86_64, r-release-osx-x86_64, r-oldrel-windows-ix86+x86_64, r-oldrel-osx-x86_64