CRAN Package Check Results for Package IDPmisc

Last updated on 2020-10-28 23:47:16 CET.

Flavor Version Tinstall Tcheck Ttotal Status Flags
r-devel-linux-x86_64-debian-clang 1.1.20 7.69 57.77 65.46 OK
r-devel-linux-x86_64-debian-gcc 1.1.20 6.24 41.48 47.72 OK
r-devel-linux-x86_64-fedora-clang 1.1.20 86.68 NOTE
r-devel-linux-x86_64-fedora-gcc 1.1.20 84.53 OK
r-devel-windows-ix86+x86_64 1.1.20 17.00 96.00 113.00 OK
r-patched-linux-x86_64 1.1.20 6.80 52.49 59.29 OK
r-patched-solaris-x86 1.1.20 100.60 OK
r-release-linux-x86_64 1.1.20 6.73 53.80 60.53 OK
r-release-macos-x86_64 1.1.20 OK
r-release-windows-ix86+x86_64 1.1.20 12.00 74.00 86.00 OK
r-oldrel-macos-x86_64 1.1.20 OK
r-oldrel-windows-ix86+x86_64 1.1.20 36.00 93.00 129.00 OK

Check Details

Version: 1.1.20
Check: Rd cross-references
Result: NOTE
    Undeclared packages ‘sfsmisc’, ‘RColorBrewer’, ‘hexbin’ in Rd xrefs
Flavor: r-devel-linux-x86_64-fedora-clang