Last updated on 2024-08-16 11:49:42 CEST.
Flavor | Version | Tinstall | Tcheck | Ttotal | Status | Flags |
---|---|---|---|---|---|---|
r-devel-linux-x86_64-debian-clang | 2.1 | 5.81 | 60.40 | 66.21 | OK | |
r-devel-linux-x86_64-debian-gcc | 2.1 | 4.71 | 45.71 | 50.42 | OK | |
r-devel-linux-x86_64-fedora-clang | 2.1 | 109.30 | NOTE | |||
r-devel-linux-x86_64-fedora-gcc | 2.1 | 116.31 | NOTE | |||
r-devel-windows-x86_64 | 2.1 | 8.00 | 89.00 | 97.00 | OK | |
r-patched-linux-x86_64 | 2.1 | 6.21 | 57.07 | 63.28 | OK | |
r-release-linux-x86_64 | 2.1 | 5.98 | 57.27 | 63.25 | OK | |
r-release-macos-arm64 | 2.1 | 39.00 | OK | |||
r-release-macos-x86_64 | 2.1 | 61.00 | OK | |||
r-release-windows-x86_64 | 2.1 | 9.00 | 91.00 | 100.00 | OK | |
r-oldrel-macos-arm64 | 2.1 | 40.00 | OK | |||
r-oldrel-macos-x86_64 | 2.1 | 56.00 | OK | |||
r-oldrel-windows-x86_64 | 2.1 | 10.00 | 99.00 | 109.00 | OK |
Version: 2.1
Check: dependencies in R code
Result: NOTE
Namespace in Imports field not imported from: ‘kableExtra’
All declared Imports should be used.
Flavors: r-devel-linux-x86_64-fedora-clang, r-devel-linux-x86_64-fedora-gcc