Last updated on 2024-08-16 11:49:42 CEST.
Flavor | Version | Tinstall | Tcheck | Ttotal | Status | Flags |
---|---|---|---|---|---|---|
r-devel-linux-x86_64-debian-clang | 0.3.1 | 19.35 | 26.42 | 45.77 | NOTE | |
r-devel-linux-x86_64-debian-gcc | 0.3.1 | 12.30 | 21.46 | 33.76 | NOTE | |
r-devel-linux-x86_64-fedora-clang | 0.3.1 | 82.65 | NOTE | |||
r-devel-linux-x86_64-fedora-gcc | 0.3.1 | 79.80 | NOTE | |||
r-devel-windows-x86_64 | 0.3.1 | 21.00 | 66.00 | 87.00 | NOTE | |
r-patched-linux-x86_64 | 0.3.1 | 16.77 | 25.25 | 42.02 | NOTE | |
r-release-linux-x86_64 | 0.3.1 | 16.71 | 25.63 | 42.34 | NOTE | |
r-release-macos-arm64 | 0.3.1 | 27.00 | NOTE | |||
r-release-macos-x86_64 | 0.3.1 | 32.00 | NOTE | |||
r-release-windows-x86_64 | 0.3.1 | 23.00 | 66.00 | 89.00 | NOTE | |
r-oldrel-macos-arm64 | 0.3.1 | 28.00 | OK | |||
r-oldrel-macos-x86_64 | 0.3.1 | 43.00 | OK | |||
r-oldrel-windows-x86_64 | 0.3.1 | 21.00 | 73.00 | 94.00 | OK |
Version: 0.3.1
Check: Rd files
Result: NOTE
checkRd: (-1) simHawkes1a.Rd:35: Lost braces; missing escapes or markup?
35 | distribution; 'd${dis}' gives the density function \eqn{g(\cdot)}.}
| ^
Flavors: r-devel-linux-x86_64-debian-clang, r-devel-linux-x86_64-debian-gcc, r-devel-linux-x86_64-fedora-clang, r-devel-linux-x86_64-fedora-gcc, r-devel-windows-x86_64, r-patched-linux-x86_64, r-release-linux-x86_64, r-release-macos-arm64, r-release-macos-x86_64, r-release-windows-x86_64