CRAN Package Check Results for Package IMD

Last updated on 2023-06-06 01:03:30 CEST.

Flavor Version Tinstall Tcheck Ttotal Status Flags
r-devel-linux-x86_64-debian-clang 1.2.2 7.00 41.25 48.25 OK
r-devel-linux-x86_64-debian-gcc 1.2.2 6.13 32.42 38.55 OK
r-devel-linux-x86_64-fedora-clang 1.2.2 62.01 NOTE
r-devel-linux-x86_64-fedora-gcc 1.2.2 63.85 NOTE
r-devel-windows-x86_64 1.2.2 9.00 60.00 69.00 OK
r-patched-linux-x86_64 1.2.2 4.92 39.25 44.17 OK
r-release-linux-x86_64 1.2.2 7.96 38.89 46.85 OK
r-release-macos-arm64 1.2.2 27.00 OK
r-release-macos-x86_64 1.2.2 39.00 NOTE
r-release-windows-x86_64 1.2.2 12.00 63.00 75.00 OK
r-oldrel-macos-arm64 1.2.2 27.00 NOTE
r-oldrel-macos-x86_64 1.2.2 35.00 NOTE
r-oldrel-windows-x86_64 1.2.2 11.00 62.00 73.00 OK

Check Details

Version: 1.2.2
Check: data for non-ASCII characters
Result: NOTE
     Note: found 2 marked UTF-8 strings
Flavors: r-devel-linux-x86_64-fedora-clang, r-devel-linux-x86_64-fedora-gcc, r-oldrel-macos-arm64, r-oldrel-macos-x86_64

Version: 1.2.2
Check: installed package size
Result: NOTE
     installed size is 5.8Mb
     sub-directories of 1Mb or more:
     data 5.5Mb
Flavor: r-release-macos-x86_64