CRAN Package Check Results for Package IMEC

Last updated on 2021-06-20 05:48:27 CEST.

Flavor Version Tinstall Tcheck Ttotal Status Flags
r-devel-linux-x86_64-debian-clang 0.2.0 2.18 65.45 67.63 NOTE
r-devel-linux-x86_64-debian-gcc 0.2.0 1.93 47.46 49.39 NOTE
r-devel-linux-x86_64-fedora-clang 0.2.0 NOTE
r-devel-linux-x86_64-fedora-gcc 0.2.0 79.04 NOTE
r-devel-windows-x86_64 0.2.0 5.00 88.00 93.00 NOTE
r-devel-windows-x86_64-gcc10-UCRT 0.2.0 NOTE
r-patched-linux-x86_64 0.2.0 2.38 62.13 64.51 NOTE
r-patched-solaris-x86 0.2.0 131.30 NOTE
r-release-linux-x86_64 0.2.0 2.18 61.50 63.68 NOTE
r-release-macos-arm64 0.2.0 NOTE
r-release-macos-x86_64 0.2.0 NOTE
r-release-windows-ix86+x86_64 0.2.0 6.00 91.00 97.00 NOTE
r-oldrel-macos-x86_64 0.2.0 OK
r-oldrel-windows-ix86+x86_64 0.2.0 5.00 89.00 94.00 OK

Check Details

Version: 0.2.0
Check: LazyData
Result: NOTE
     'LazyData' is specified without a 'data' directory
Flavors: r-devel-linux-x86_64-debian-clang, r-devel-linux-x86_64-debian-gcc, r-devel-linux-x86_64-fedora-clang, r-devel-linux-x86_64-fedora-gcc, r-devel-windows-x86_64, r-devel-windows-x86_64-gcc10-UCRT, r-patched-linux-x86_64, r-patched-solaris-x86, r-release-linux-x86_64, r-release-macos-arm64, r-release-macos-x86_64, r-release-windows-ix86+x86_64