CRAN Package Check Results for Package INLAspacetime

Last updated on 2024-04-12 17:57:04 CEST.

Flavor Version Tinstall Tcheck Ttotal Status Flags
r-devel-linux-x86_64-debian-clang 0.1.7 18.82 124.06 142.88 NOTE
r-devel-linux-x86_64-debian-gcc 0.1.7 12.05 89.95 102.00 NOTE
r-devel-linux-x86_64-fedora-clang 0.1.7 186.49 NOTE
r-devel-linux-x86_64-fedora-gcc 0.1.7 177.34 NOTE
r-devel-windows-x86_64 0.1.7 17.00 101.00 118.00 NOTE
r-patched-linux-x86_64 0.1.7 18.81 118.87 137.68 NOTE
r-release-linux-x86_64 0.1.7 17.54 115.45 132.99 NOTE
r-release-macos-arm64 0.1.7 60.00 NOTE
r-release-macos-x86_64 0.1.7 136.00 NOTE
r-release-windows-x86_64 0.1.7 21.00 120.00 141.00 NOTE
r-oldrel-macos-arm64 0.1.7 54.00 NOTE
r-oldrel-windows-x86_64 0.1.7 19.00 126.00 145.00 NOTE

Check Details

Version: 0.1.7
Check: package dependencies
Result: NOTE Package suggested but not available for checking: ‘INLA’ Flavors: r-devel-linux-x86_64-debian-clang, r-devel-linux-x86_64-debian-gcc, r-patched-linux-x86_64, r-release-linux-x86_64, r-release-macos-arm64, r-release-macos-x86_64, r-release-windows-x86_64, r-oldrel-macos-arm64, r-oldrel-windows-x86_64

Version: 0.1.7
Check: Rd files
Result: NOTE checkRd: (-1) ar2precision.Rd:19: Lost braces; missing escapes or markup? 19 | considering the specification stated in {details}. | ^ Flavors: r-devel-linux-x86_64-debian-clang, r-devel-linux-x86_64-debian-gcc, r-devel-linux-x86_64-fedora-clang, r-devel-linux-x86_64-fedora-gcc, r-devel-windows-x86_64, r-patched-linux-x86_64

Version: 0.1.7
Check: compiled code
Result: NOTE File ‘INLAspacetime/libs/INLAspacetime.so’: Found no calls to: ‘R_registerRoutines’, ‘R_useDynamicSymbols’ It is good practice to register native routines and to disable symbol search. See ‘Writing portable packages’ in the ‘Writing R Extensions’ manual. Flavors: r-devel-linux-x86_64-fedora-clang, r-devel-linux-x86_64-fedora-gcc