Last updated on 2024-04-17 17:56:26 CEST.
Flavor | Version | Tinstall | Tcheck | Ttotal | Status | Flags |
---|---|---|---|---|---|---|
r-devel-linux-x86_64-debian-clang | 1.0 | 7.71 | 67.26 | 74.97 | NOTE | |
r-devel-linux-x86_64-debian-gcc | 1.0 | 6.01 | 51.37 | 57.38 | NOTE | |
r-devel-linux-x86_64-fedora-clang | 1.0 | 94.19 | NOTE | |||
r-devel-linux-x86_64-fedora-gcc | 1.0 | 90.55 | NOTE | |||
r-prerel-macos-arm64 | 1.0 | 30.00 | NOTE | |||
r-prerel-windows-x86_64 | 1.0 | 7.00 | 67.00 | 74.00 | NOTE | |
r-patched-linux-x86_64 | 1.0 | 6.71 | 64.96 | 71.67 | NOTE | |
r-release-linux-x86_64 | 1.0 | 6.97 | 66.18 | 73.15 | NOTE | |
r-release-macos-arm64 | 1.0 | 34.00 | NOTE | |||
r-release-macos-x86_64 | 1.0 | 54.00 | NOTE | |||
r-release-windows-x86_64 | 1.0 | 9.00 | 77.00 | 86.00 | NOTE | |
r-oldrel-macos-arm64 | 1.0 | 30.00 | NOTE | |||
r-oldrel-windows-x86_64 | 1.0 | 9.00 | 79.00 | 88.00 | NOTE |
Version: 1.0
Check: LazyData
Result: NOTE
'LazyData' is specified without a 'data' directory
Flavors: r-devel-linux-x86_64-debian-clang, r-devel-linux-x86_64-debian-gcc, r-devel-linux-x86_64-fedora-clang, r-devel-linux-x86_64-fedora-gcc, r-prerel-macos-arm64, r-prerel-windows-x86_64, r-patched-linux-x86_64, r-release-linux-x86_64, r-release-macos-arm64, r-release-macos-x86_64, r-release-windows-x86_64, r-oldrel-macos-arm64, r-oldrel-windows-x86_64