CRAN Package Check Results for Package ISEtools

Last updated on 2021-07-30 05:52:15 CEST.

Flavor Version Tinstall Tcheck Ttotal Status Flags
r-devel-linux-x86_64-debian-clang 3.1.1.1 OK
r-devel-linux-x86_64-debian-gcc 3.1.1.1 3.53 31.92 35.45 OK
r-devel-linux-x86_64-fedora-clang 3.1.1.1 64.47 OK
r-devel-linux-x86_64-fedora-gcc 3.1.1.1 54.14 OK
r-devel-windows-x86_64 3.1.1.1 5.00 60.00 65.00 OK
r-devel-windows-x86_64-gcc10-UCRT 3.1.1.1 NOTE
r-patched-linux-x86_64 3.1.1.1 OK
r-patched-solaris-x86 3.1.1.1 79.50 NOTE
r-release-linux-x86_64 3.1.1.1 4.18 39.62 43.80 OK
r-release-macos-arm64 3.1.1.1 ERROR
r-release-macos-x86_64 3.1.1.1 NOTE
r-release-windows-ix86+x86_64 3.1.1.1 8.00 45.00 53.00 OK
r-oldrel-macos-x86_64 3.1.1.1 NOTE
r-oldrel-windows-ix86+x86_64 3.1.1.1 7.00 58.00 65.00 OK

Check Details

Version: 3.1.1.1
Check: package dependencies
Result: NOTE
    Package suggested but not available for checking: 'BRugs'
Flavors: r-devel-windows-x86_64-gcc10-UCRT, r-patched-solaris-x86, r-release-macos-x86_64, r-oldrel-macos-x86_64

Version: 3.1.1.1
Check: package dependencies
Result: NOTE
    Packages suggested but not available for checking: 'BRugs', 'rjags'
Flavor: r-release-macos-arm64

Version: 3.1.1.1
Check: examples
Result: ERROR
    Running examples in ‘ISEtools-Ex.R’ failed
    The error most likely occurred in:
    
    > ### Name: analyseISE
    > ### Title: Ion selective electrode characterisation and estimation of
    > ### sample concentrations
    > ### Aliases: analyseISE
    >
    > ### ** Examples
    >
    > # Fast-running example with only 100 MCMC iterations for testing:
    > data(LeadStdAdd)
    > example2test = analyseISE(LeadStdAdd, Z = 2, temperature = 21,
    + burnin=100, iters=200, chains=1, a.init=c(176, 146, -112),
    + b.init=c(29, 30, 31), cstar.init=c(0.26, 0.27, 0.22), program="jags")
    Warning in library(x, character.only = TRUE, logical.return = TRUE) :
     there is no package called ‘rjags’
    [1] "The rjags package must be installed to use jags."
    > print(example2test)
    NULL
    > summary(example2test)
    Length Class Mode
     0 NULL NULL
    > plot(example2test, ylim = c(-7, -3), xlab = "ID (Sample)",
    + ylab = expression(paste(log[10], " ", Pb^{paste("2","+",sep="")} )))
    Warning in min(x) : no non-missing arguments to min; returning Inf
    Warning in max(x) : no non-missing arguments to max; returning -Inf
    Error in plot.window(...) : need finite 'xlim' values
    Calls: plot -> plot.default -> localWindow -> plot.window
    Execution halted
Flavor: r-release-macos-arm64