Last updated on 2024-04-26 11:52:41 CEST.
Flavor | Version | Tinstall | Tcheck | Ttotal | Status | Flags |
---|---|---|---|---|---|---|
r-devel-linux-x86_64-debian-clang | 0.6-2 | 2.41 | 30.50 | 32.91 | OK | |
r-devel-linux-x86_64-debian-gcc | 0.6-2 | 2.72 | 23.65 | 26.37 | OK | |
r-devel-linux-x86_64-fedora-clang | 0.6-2 | 42.42 | NOTE | |||
r-devel-linux-x86_64-fedora-gcc | 0.6-2 | 40.07 | OK | |||
r-devel-windows-x86_64 | 0.6-2 | 4.00 | 46.00 | 50.00 | OK | |
r-patched-linux-x86_64 | 0.6-2 | 2.07 | 29.27 | 31.34 | OK | |
r-release-linux-x86_64 | 0.6-2 | 3.54 | 29.75 | 33.29 | OK | |
r-release-macos-arm64 | 0.6-2 | 19.00 | OK | |||
r-release-windows-x86_64 | 0.6-2 | 4.00 | 45.00 | 49.00 | OK | |
r-oldrel-macos-arm64 | 0.6-2 | 18.00 | OK | |||
r-oldrel-macos-x86_64 | 0.6-2 | 24.00 | OK | |||
r-oldrel-windows-x86_64 | 0.6-2 | 4.00 | 45.00 | 49.00 | OK |
Version: 0.6-2
Check: Rd cross-references
Result: NOTE
Undeclared package ‘surveillance’ in Rd xrefs
Flavor: r-devel-linux-x86_64-fedora-clang