CRAN Package Check Results for Package ISRaD

Last updated on 2024-06-22 11:49:17 CEST.

Flavor Version Tinstall Tcheck Ttotal Status Flags
r-devel-linux-x86_64-debian-clang 2.5.5 31.76 302.84 334.60 NOTE
r-devel-linux-x86_64-debian-gcc 2.5.5 25.50 210.67 236.17 NOTE
r-devel-linux-x86_64-fedora-clang 2.5.5 420.46 NOTE
r-devel-linux-x86_64-fedora-gcc 2.5.5 379.96 NOTE
r-devel-windows-x86_64 2.5.5 24.00 190.00 214.00 NOTE
r-patched-linux-x86_64 2.5.5 22.23 285.54 307.77 NOTE
r-release-linux-x86_64 2.5.5 20.58 286.46 307.04 NOTE
r-release-macos-arm64 2.5.5 88.00 NOTE
r-release-macos-x86_64 2.5.5 140.00 NOTE
r-release-windows-x86_64 2.5.5 24.00 191.00 215.00 NOTE
r-oldrel-macos-arm64 2.5.5 92.00 OK
r-oldrel-macos-x86_64 2.5.5 289.00 OK
r-oldrel-windows-x86_64 2.5.5 35.00 252.00 287.00 OK

Check Details

Version: 2.5.5
Check: Rd files
Result: NOTE checkRd: (-1) is_israd_database.Rd:19: Lost braces in \itemize; meant \describe ? checkRd: (-1) is_israd_database.Rd:20: Lost braces in \itemize; meant \describe ? checkRd: (-1) is_israd_database.Rd:21: Lost braces in \itemize; meant \describe ? checkRd: (-1) is_israd_database.Rd:22: Lost braces in \itemize; meant \describe ? checkRd: (-1) is_israd_database.Rd:23: Lost braces in \itemize; meant \describe ? checkRd: (-1) is_israd_database.Rd:24: Lost braces in \itemize; meant \describe ? checkRd: (-1) is_israd_database.Rd:25: Lost braces in \itemize; meant \describe ? checkRd: (-1) is_israd_database.Rd:26: Lost braces in \itemize; meant \describe ? Flavors: r-devel-linux-x86_64-debian-clang, r-devel-linux-x86_64-debian-gcc, r-devel-linux-x86_64-fedora-clang, r-devel-linux-x86_64-fedora-gcc, r-devel-windows-x86_64, r-patched-linux-x86_64, r-release-linux-x86_64, r-release-macos-arm64, r-release-macos-x86_64, r-release-windows-x86_64

Version: 2.5.5
Check: data for non-ASCII characters
Result: NOTE Note: found 1 marked UTF-8 string Flavors: r-devel-linux-x86_64-fedora-clang, r-devel-linux-x86_64-fedora-gcc