Last updated on 2024-08-31 23:49:06 CEST.
Flavor | Version | Tinstall | Tcheck | Ttotal | Status | Flags |
---|---|---|---|---|---|---|
r-devel-linux-x86_64-debian-clang | 2.5.5 | 30.08 | 229.58 | 259.66 | NOTE | |
r-devel-linux-x86_64-debian-gcc | 2.5.5 | 17.53 | 145.61 | 163.14 | NOTE | |
r-devel-linux-x86_64-fedora-clang | 2.5.5 | 408.65 | NOTE | |||
r-devel-linux-x86_64-fedora-gcc | 2.5.5 | 393.91 | NOTE | |||
r-devel-windows-x86_64 | 2.5.5 | 25.00 | 193.00 | 218.00 | NOTE | |
r-patched-linux-x86_64 | 2.5.5 | 27.60 | 210.53 | 238.13 | NOTE | |
r-release-linux-x86_64 | 2.5.5 | 27.69 | 208.30 | 235.99 | NOTE | |
r-release-macos-arm64 | 2.5.5 | 88.00 | NOTE | |||
r-release-macos-x86_64 | 2.5.5 | 140.00 | NOTE | |||
r-release-windows-x86_64 | 2.5.5 | 23.00 | 190.00 | 213.00 | NOTE | |
r-oldrel-macos-arm64 | 2.5.5 | 92.00 | OK | |||
r-oldrel-macos-x86_64 | 2.5.5 | 289.00 | OK | |||
r-oldrel-windows-x86_64 | 2.5.5 | 36.00 | 260.00 | 296.00 | OK |
Version: 2.5.5
Check: Rd files
Result: NOTE
checkRd: (-1) is_israd_database.Rd:19: Lost braces in \itemize; meant \describe ?
checkRd: (-1) is_israd_database.Rd:20: Lost braces in \itemize; meant \describe ?
checkRd: (-1) is_israd_database.Rd:21: Lost braces in \itemize; meant \describe ?
checkRd: (-1) is_israd_database.Rd:22: Lost braces in \itemize; meant \describe ?
checkRd: (-1) is_israd_database.Rd:23: Lost braces in \itemize; meant \describe ?
checkRd: (-1) is_israd_database.Rd:24: Lost braces in \itemize; meant \describe ?
checkRd: (-1) is_israd_database.Rd:25: Lost braces in \itemize; meant \describe ?
checkRd: (-1) is_israd_database.Rd:26: Lost braces in \itemize; meant \describe ?
Flavors: r-devel-linux-x86_64-debian-clang, r-devel-linux-x86_64-debian-gcc, r-devel-linux-x86_64-fedora-clang, r-devel-linux-x86_64-fedora-gcc, r-devel-windows-x86_64, r-patched-linux-x86_64, r-release-linux-x86_64, r-release-macos-arm64, r-release-macos-x86_64, r-release-windows-x86_64
Version: 2.5.5
Check: data for non-ASCII characters
Result: NOTE
Note: found 1 marked UTF-8 string
Flavors: r-devel-linux-x86_64-fedora-clang, r-devel-linux-x86_64-fedora-gcc