Last updated on 2021-04-15 05:47:58 CEST.
Flavor | Version | Tinstall | Tcheck | Ttotal | Status | Flags |
---|---|---|---|---|---|---|
r-devel-linux-x86_64-debian-clang | 1.7.8 | 12.46 | 113.35 | 125.81 | OK | |
r-devel-linux-x86_64-debian-gcc | 1.7.8 | 10.71 | 84.94 | 95.65 | OK | |
r-devel-linux-x86_64-fedora-clang | 1.7.8 | 158.67 | NOTE | |||
r-devel-linux-x86_64-fedora-gcc | 1.7.8 | 146.74 | NOTE | |||
r-devel-windows-ix86+x86_64 | 1.7.8 | 31.00 | 136.00 | 167.00 | OK | |
r-devel-windows-x86_64-gcc10-UCRT | 1.7.8 | NOTE | ||||
r-patched-linux-x86_64 | 1.7.8 | 12.33 | 104.53 | 116.86 | OK | |
r-patched-solaris-x86 | 1.7.8 | 217.10 | NOTE | |||
r-release-linux-x86_64 | 1.7.8 | 13.09 | 104.59 | 117.68 | OK | |
r-release-macos-x86_64 | 1.7.8 | NOTE | ||||
r-release-windows-ix86+x86_64 | 1.7.8 | 31.00 | 144.00 | 175.00 | OK | |
r-oldrel-macos-x86_64 | 1.7.8 | NOTE | ||||
r-oldrel-windows-ix86+x86_64 | 1.7.8 | 18.00 | 89.00 | 107.00 | OK |
Version: 1.7.8
Check: data for non-ASCII characters
Result: NOTE
Note: found 1 marked UTF-8 string
Flavors: r-devel-linux-x86_64-fedora-clang, r-devel-linux-x86_64-fedora-gcc, r-devel-windows-x86_64-gcc10-UCRT, r-patched-solaris-x86, r-release-macos-x86_64, r-oldrel-macos-x86_64