Last updated on 2024-04-25 00:56:00 CEST.
Flavor | Version | Tinstall | Tcheck | Ttotal | Status | Flags |
---|---|---|---|---|---|---|
r-devel-linux-x86_64-debian-clang | 1.3.1 | 2.75 | 46.21 | 48.96 | NOTE | |
r-devel-linux-x86_64-debian-gcc | 1.3.1 | 2.05 | 32.04 | 34.09 | OK | |
r-devel-linux-x86_64-fedora-clang | 1.3.1 | 55.90 | NOTE | |||
r-devel-linux-x86_64-fedora-gcc | 1.3.1 | 54.65 | OK | |||
r-devel-windows-x86_64 | 1.3.1 | 2.00 | 53.00 | 55.00 | OK | |
r-patched-linux-x86_64 | 1.3.1 | 2.93 | 43.00 | 45.93 | OK | |
r-release-linux-x86_64 | 1.3.1 | 2.26 | 41.91 | 44.17 | OK | |
r-release-macos-arm64 | 1.3.1 | 20.00 | OK | |||
r-release-windows-x86_64 | 1.3.1 | 3.00 | 52.00 | 55.00 | OK | |
r-oldrel-macos-arm64 | 1.3.1 | 26.00 | NOTE | |||
r-oldrel-macos-x86_64 | 1.3.1 | 33.00 | NOTE | |||
r-oldrel-windows-x86_64 | 1.3.1 | 3.00 | 56.00 | 59.00 | OK |
Version: 1.3.1
Check: Rd cross-references
Result: NOTE
Unknown package ‘minfi’ in Rd xrefs
Flavor: r-devel-linux-x86_64-debian-clang
Version: 1.3.1
Check: Rd cross-references
Result: NOTE
Undeclared package ‘minfi’ in Rd xrefs
Flavor: r-devel-linux-x86_64-fedora-clang
Version: 1.3.1
Check: Rd cross-references
Result: NOTE
Package unavailable to check Rd xrefs: ‘minfi’
Flavors: r-oldrel-macos-arm64, r-oldrel-macos-x86_64