CRAN Package Check Results for Package Inflect

Last updated on 2021-06-20 17:49:40 CEST.

Flavor Version Tinstall Tcheck Ttotal Status Flags
r-devel-linux-x86_64-debian-clang 1.1.0 6.59 56.80 63.39 NOTE
r-devel-linux-x86_64-debian-gcc 1.1.0 4.63 42.05 46.68 NOTE
r-devel-linux-x86_64-fedora-clang 1.1.0 86.80 NOTE
r-devel-linux-x86_64-fedora-gcc 1.1.0 70.80 NOTE
r-devel-windows-x86_64 1.1.0 10.00 74.00 84.00 NOTE
r-devel-windows-x86_64-gcc10-UCRT 1.1.0 NOTE
r-patched-linux-x86_64 1.1.0 4.58 52.37 56.95 NOTE
r-patched-solaris-x86 1.1.0 103.20 NOTE
r-release-linux-x86_64 1.1.0 5.33 52.50 57.83 NOTE
r-release-macos-arm64 1.1.0 NOTE
r-release-macos-x86_64 1.1.0 NOTE
r-release-windows-ix86+x86_64 1.1.0 16.00 70.00 86.00 NOTE
r-oldrel-macos-x86_64 1.1.0 NOTE

Check Details

Version: 1.1.0
Check: LazyData
Result: NOTE
     'LazyData' is specified without a 'data' directory
Flavors: r-devel-linux-x86_64-debian-clang, r-devel-linux-x86_64-debian-gcc, r-devel-linux-x86_64-fedora-clang, r-devel-linux-x86_64-fedora-gcc, r-devel-windows-x86_64, r-devel-windows-x86_64-gcc10-UCRT, r-patched-linux-x86_64, r-patched-solaris-x86, r-release-linux-x86_64, r-release-macos-arm64, r-release-macos-x86_64, r-release-windows-ix86+x86_64

Version: 1.1.0
Check: dependencies in R code
Result: NOTE
    Namespace in Imports field not imported from: ‘optimr’
     All declared Imports should be used.
Flavors: r-devel-linux-x86_64-fedora-clang, r-devel-linux-x86_64-fedora-gcc, r-devel-windows-x86_64-gcc10-UCRT, r-patched-solaris-x86, r-release-macos-arm64, r-release-macos-x86_64, r-oldrel-macos-x86_64