CRAN Package Check Results for Package Infusion

Last updated on 2024-06-13 11:48:15 CEST.

Flavor Version Tinstall Tcheck Ttotal Status Flags
r-devel-linux-x86_64-debian-clang 2.1.0 19.34 157.51 176.85 NOTE
r-devel-linux-x86_64-debian-gcc 2.1.0 0.42 1.66 2.08 ERROR
r-devel-linux-x86_64-fedora-clang 2.1.0 176.87 NOTE
r-devel-linux-x86_64-fedora-gcc 2.1.0 196.61 NOTE
r-devel-windows-x86_64 2.1.0 17.00 127.00 144.00 NOTE
r-patched-linux-x86_64 2.1.0 22.64 143.52 166.16 NOTE
r-release-linux-x86_64 2.1.0 13.34 144.44 157.78 NOTE
r-release-macos-arm64 2.1.0 59.00 NOTE
r-release-macos-x86_64 2.1.0 83.00 NOTE
r-release-windows-x86_64 2.1.0 18.00 134.00 152.00 NOTE
r-oldrel-macos-arm64 2.1.0 56.00 OK
r-oldrel-macos-x86_64 2.1.0 121.00 OK
r-oldrel-windows-x86_64 2.1.0 24.00 160.00 184.00 OK

Check Details

Version: 2.1.0
Check: Rd files
Result: NOTE checkRd: (-1) write_workflow.Rd:8: Lost braces 8 | code{write_workflow} writes a workflow script for inference. Beyond possibly saving some typing, this suggests what may be a reasonably good starting workflow. One should not expect to control all options of the workflow through the \code{write_workflow} arguments. | ^ Flavors: r-devel-linux-x86_64-debian-clang, r-devel-linux-x86_64-fedora-clang, r-devel-linux-x86_64-fedora-gcc, r-devel-windows-x86_64, r-patched-linux-x86_64, r-release-linux-x86_64, r-release-macos-arm64, r-release-macos-x86_64, r-release-windows-x86_64

Version: 2.1.0
Check: package dependencies
Result: ERROR Packages required but not available: 'spaMM', 'blackbox', 'viridis' Packages suggested but not available for checking: 'testthat', 'caret', 'xLLiM' See section ‘The DESCRIPTION file’ in the ‘Writing R Extensions’ manual. Flavor: r-devel-linux-x86_64-debian-gcc