Last updated on 2024-08-16 11:49:42 CEST.
Flavor | Version | Tinstall | Tcheck | Ttotal | Status | Flags |
---|---|---|---|---|---|---|
r-devel-linux-x86_64-debian-clang | 1.1.3 | 3.48 | 172.12 | 175.60 | OK | |
r-devel-linux-x86_64-debian-gcc | 1.1.3 | 2.51 | 99.88 | 102.39 | OK | |
r-devel-linux-x86_64-fedora-clang | 1.1.3 | 265.11 | NOTE | |||
r-devel-linux-x86_64-fedora-gcc | 1.1.3 | 256.91 | NOTE | |||
r-devel-windows-x86_64 | 1.1.3 | 5.00 | 269.00 | 274.00 | OK | |
r-patched-linux-x86_64 | 1.1.3 | 3.36 | 169.01 | 172.37 | OK | |
r-release-linux-x86_64 | 1.1.3 | 3.60 | 168.63 | 172.23 | OK | |
r-release-macos-arm64 | 1.1.3 | 73.00 | OK | |||
r-release-macos-x86_64 | 1.1.3 | 105.00 | OK | |||
r-release-windows-x86_64 | 1.1.3 | 5.00 | 275.00 | 280.00 | OK | |
r-oldrel-macos-arm64 | 1.1.3 | 82.00 | OK | |||
r-oldrel-macos-x86_64 | 1.1.3 | 124.00 | OK | |||
r-oldrel-windows-x86_64 | 1.1.3 | 6.00 | 316.00 | 322.00 | OK |
Version: 1.1.3
Check: dependencies in R code
Result: NOTE
Namespaces in Imports field not imported from:
‘curl’ ‘readxl’
All declared Imports should be used.
Flavors: r-devel-linux-x86_64-fedora-clang, r-devel-linux-x86_64-fedora-gcc