CRAN Package Check Results for Package IsoCor

Last updated on 2023-09-30 17:59:54 CEST.

Flavor Version Tinstall Tcheck Ttotal Status Flags
r-devel-linux-x86_64-debian-clang 0.1.40 8.32 61.39 69.71 OK
r-devel-linux-x86_64-debian-gcc 0.1.40 6.67 46.40 53.07 OK
r-devel-linux-x86_64-fedora-clang 0.1.40 85.30 NOTE
r-devel-linux-x86_64-fedora-gcc 0.1.40 88.51 NOTE
r-devel-windows-x86_64 0.1.40 8.00 63.00 71.00 OK
r-patched-linux-x86_64 0.1.40 5.35 59.64 64.99 OK
r-release-linux-x86_64 0.1.40 5.31 60.22 65.53 OK
r-release-macos-arm64 0.1.40 30.00 OK
r-release-macos-x86_64 0.1.40 44.00 OK
r-release-windows-x86_64 0.1.40 11.00 76.00 87.00 OK
r-oldrel-macos-arm64 0.1.40 29.00 NOTE
r-oldrel-macos-x86_64 0.1.40 39.00 NOTE
r-oldrel-windows-x86_64 0.1.40 13.00 80.00 93.00 OK

Check Details

Version: 0.1.40
Check: dependencies in R code
Result: NOTE
    Namespace in Imports field not imported from: ‘rmarkdown’
     All declared Imports should be used.
Flavors: r-devel-linux-x86_64-fedora-clang, r-devel-linux-x86_64-fedora-gcc, r-oldrel-macos-arm64, r-oldrel-macos-x86_64