Last updated on 2023-03-23 05:50:25 CET.
Flavor | Version | Tinstall | Tcheck | Ttotal | Status | Flags |
---|---|---|---|---|---|---|
r-devel-linux-x86_64-debian-clang | 0.9.1 | 3.80 | 43.79 | 47.59 | OK | |
r-devel-linux-x86_64-debian-gcc | 0.9.1 | 3.17 | 34.23 | 37.40 | OK | |
r-devel-linux-x86_64-fedora-clang | 0.9.1 | 60.60 | NOTE | |||
r-devel-linux-x86_64-fedora-gcc | 0.9.1 | 73.24 | NOTE | |||
r-devel-windows-x86_64 | 0.9.1 | 29.00 | 85.00 | 114.00 | OK | |
r-patched-linux-x86_64 | 0.9.1 | 4.52 | 44.30 | 48.82 | OK | |
r-release-linux-x86_64 | 0.9.1 | 3.77 | 44.36 | 48.13 | OK | |
r-release-macos-arm64 | 0.9.1 | 29.00 | NOTE | |||
r-release-macos-x86_64 | 0.9.1 | 33.00 | NOTE | |||
r-release-windows-x86_64 | 0.9.1 | 35.00 | 80.00 | 115.00 | OK | |
r-oldrel-macos-arm64 | 0.9.1 | 26.00 | NOTE | |||
r-oldrel-macos-x86_64 | 0.9.1 | 35.00 | NOTE | |||
r-oldrel-windows-ix86+x86_64 | 0.9.1 | 10.00 | 75.00 | 85.00 | OK |
Version: 0.9.1
Check: dependencies in R code
Result: NOTE
Namespace in Imports field not imported from: ‘ids’
All declared Imports should be used.
Flavors: r-devel-linux-x86_64-fedora-clang, r-devel-linux-x86_64-fedora-gcc, r-release-macos-arm64, r-release-macos-x86_64, r-oldrel-macos-arm64, r-oldrel-macos-x86_64