CRAN Package Check Results for Package JBrowseR

Last updated on 2024-02-29 00:00:34 CET.

Flavor Version Tinstall Tcheck Ttotal Status Flags
r-devel-linux-x86_64-debian-clang 0.10.2 4.93 46.03 50.96 OK
r-devel-linux-x86_64-debian-gcc 0.10.2 3.33 35.66 38.99 OK
r-devel-linux-x86_64-fedora-clang 0.10.2 62.10 NOTE
r-devel-linux-x86_64-fedora-gcc 0.10.2 70.94 NOTE
r-devel-windows-x86_64 0.10.2 5.00 60.00 65.00 NOTE
r-patched-linux-x86_64 0.10.2 3.03 44.89 47.92 OK
r-release-linux-x86_64 0.10.2 3.20 45.14 48.34 OK
r-release-macos-arm64 0.10.2 49.00 NOTE
r-release-macos-x86_64 0.10.2 64.00 NOTE
r-release-windows-x86_64 0.10.2 6.00 65.00 71.00 NOTE
r-oldrel-macos-arm64 0.10.2 38.00 NOTE
r-oldrel-windows-x86_64 0.10.2 7.00 66.00 73.00 NOTE

Check Details

Version: 0.10.2
Check: installed package size
Result: NOTE installed size is 6.2Mb sub-directories of 1Mb or more: htmlwidgets 5.7Mb Flavors: r-devel-linux-x86_64-fedora-clang, r-devel-windows-x86_64, r-release-macos-arm64, r-release-macos-x86_64, r-release-windows-x86_64, r-oldrel-macos-arm64, r-oldrel-windows-x86_64

Version: 0.10.2
Check: dependencies in R code
Result: NOTE Namespace in Imports field not imported from: ‘ids’ All declared Imports should be used. Flavors: r-devel-linux-x86_64-fedora-clang, r-devel-linux-x86_64-fedora-gcc