Last updated on 2024-08-31 23:49:06 CEST.
Flavor | Version | Tinstall | Tcheck | Ttotal | Status | Flags |
---|---|---|---|---|---|---|
r-devel-linux-x86_64-debian-clang | 1.0.0 | 14.12 | 42.38 | 56.50 | OK | |
r-devel-linux-x86_64-debian-gcc | 1.0.0 | 9.94 | 29.35 | 39.29 | OK | |
r-devel-linux-x86_64-fedora-clang | 1.0.0 | 93.41 | NOTE | |||
r-devel-linux-x86_64-fedora-gcc | 1.0.0 | 99.57 | NOTE | |||
r-devel-windows-x86_64 | 1.0.0 | 16.00 | 67.00 | 83.00 | OK | |
r-patched-linux-x86_64 | 1.0.0 | 15.59 | 39.40 | 54.99 | OK | |
r-release-linux-x86_64 | 1.0.0 | 14.52 | 39.77 | 54.29 | OK | |
r-release-macos-arm64 | 1.0.0 | 29.00 | OK | |||
r-release-macos-x86_64 | 1.0.0 | 43.00 | OK | |||
r-release-windows-x86_64 | 1.0.0 | 16.00 | 67.00 | 83.00 | OK | |
r-oldrel-macos-arm64 | 1.0.0 | 30.00 | OK | |||
r-oldrel-macos-x86_64 | 1.0.0 | 48.00 | OK | |||
r-oldrel-windows-x86_64 | 1.0.0 | 17.00 | 75.00 | 92.00 | OK |
Version: 1.0.0
Check: installed package size
Result: NOTE
installed size is 5.5Mb
sub-directories of 1Mb or more:
libs 4.9Mb
Flavor: r-devel-linux-x86_64-fedora-clang
Version: 1.0.0
Check: compiled code
Result: NOTE
File ‘KERE/libs/KERE.so’:
Found no calls to: ‘R_registerRoutines’, ‘R_useDynamicSymbols’
It is good practice to register native routines and to disable symbol
search.
See ‘Writing portable packages’ in the ‘Writing R Extensions’ manual.
Flavors: r-devel-linux-x86_64-fedora-clang, r-devel-linux-x86_64-fedora-gcc