CRAN Package Check Results for Package KMDA

Last updated on 2020-10-24 11:48:55 CEST.

Flavor Version Tinstall Tcheck Ttotal Status Flags
r-devel-linux-x86_64-debian-clang 1.0 2.27 24.03 26.30 NOTE
r-devel-linux-x86_64-debian-gcc 1.0 1.84 18.34 20.18 NOTE
r-devel-linux-x86_64-fedora-clang 1.0 39.55 NOTE
r-devel-linux-x86_64-fedora-gcc 1.0 32.19 NOTE
r-devel-windows-ix86+x86_64 1.0 5.00 34.00 39.00 NOTE
r-patched-linux-x86_64 1.0 1.98 25.17 27.15 NOTE
r-patched-solaris-x86 1.0 53.10 NOTE
r-release-linux-x86_64 1.0 2.27 24.74 27.01 NOTE
r-release-macos-x86_64 1.0 NOTE
r-release-windows-ix86+x86_64 1.0 4.00 37.00 41.00 NOTE
r-oldrel-macos-x86_64 1.0 NOTE
r-oldrel-windows-ix86+x86_64 1.0 4.00 52.00 56.00 NOTE

Check Details

Version: 1.0
Check: R code for possible problems
Result: NOTE
    dscore: no visible global function definition for 'glm'
    dscore: no visible binding for global variable 'binomial'
    dscore: no visible global function definition for 'pnorm'
    pearson.group: no visible global function definition for 'cor'
    spearman.group: no visible global function definition for 'cor'
    sscore: no visible global function definition for 'glm'
    sscore: no visible binding for global variable 'binomial'
    sscore: no visible global function definition for 'pnorm'
    Undefined global functions or variables:
     binomial cor glm pnorm
    Consider adding
     importFrom("stats", "binomial", "cor", "glm", "pnorm")
    to your NAMESPACE file.
Flavors: r-devel-linux-x86_64-debian-clang, r-devel-linux-x86_64-debian-gcc, r-devel-linux-x86_64-fedora-clang, r-devel-linux-x86_64-fedora-gcc, r-devel-windows-ix86+x86_64, r-patched-linux-x86_64, r-patched-solaris-x86, r-release-linux-x86_64, r-release-macos-x86_64, r-release-windows-ix86+x86_64, r-oldrel-macos-x86_64, r-oldrel-windows-ix86+x86_64