Last updated on 2024-04-23 11:55:47 CEST.
Flavor | Version | Tinstall | Tcheck | Ttotal | Status | Flags |
---|---|---|---|---|---|---|
r-devel-linux-x86_64-debian-clang | 2.4 | 68.93 | 104.58 | 173.51 | OK | |
r-devel-linux-x86_64-debian-gcc | 2.4 | 58.62 | 77.55 | 136.17 | OK | |
r-devel-linux-x86_64-fedora-clang | 2.4 | 256.31 | OK | |||
r-devel-linux-x86_64-fedora-gcc | 2.4 | 247.73 | OK | |||
r-prerel-macos-arm64 | 2.4 | 62.00 | NOTE | |||
r-prerel-windows-x86_64 | 2.4 | 64.00 | 126.00 | 190.00 | OK | |
r-patched-linux-x86_64 | 2.4 | 72.27 | 98.83 | 171.10 | OK | |
r-release-linux-x86_64 | 2.4 | 68.63 | 103.21 | 171.84 | OK | |
r-release-macos-arm64 | 2.4 | 72.00 | NOTE | |||
r-release-macos-x86_64 | 2.4 | 125.00 | NOTE | |||
r-release-windows-x86_64 | 2.4 | 80.00 | 146.00 | 226.00 | OK | |
r-oldrel-macos-arm64 | 2.4 | 64.00 | NOTE | |||
r-oldrel-windows-x86_64 | 2.4 | 71.00 | 145.00 | 216.00 | OK |
Version: 2.4
Check: installed package size
Result: NOTE
installed size is 6.7Mb
sub-directories of 1Mb or more:
data 1.6Mb
libs 3.9Mb
Flavors: r-prerel-macos-arm64, r-release-macos-arm64, r-release-macos-x86_64, r-oldrel-macos-arm64