Last updated on 2021-01-19 11:47:50 CET.
Flavor | Version | Tinstall | Tcheck | Ttotal | Status | Flags |
---|---|---|---|---|---|---|
r-devel-linux-x86_64-debian-clang | 0.99.0 | 3.33 | 31.87 | 35.20 | NOTE | |
r-devel-linux-x86_64-debian-gcc | 0.99.0 | 2.61 | 25.82 | 28.43 | NOTE | |
r-devel-linux-x86_64-fedora-clang | 0.99.0 | 54.00 | NOTE | |||
r-devel-linux-x86_64-fedora-gcc | 0.99.0 | 42.56 | NOTE | |||
r-devel-windows-ix86+x86_64 | 0.99.0 | 5.00 | 40.00 | 45.00 | OK | |
r-patched-linux-x86_64 | 0.99.0 | 3.32 | 31.25 | 34.57 | NOTE | |
r-patched-solaris-x86 | 0.99.0 | 66.50 | NOTE | |||
r-release-linux-x86_64 | 0.99.0 | 3.20 | 31.11 | 34.31 | NOTE | |
r-release-macos-x86_64 | 0.99.0 | OK | ||||
r-release-windows-ix86+x86_64 | 0.99.0 | 6.00 | 42.00 | 48.00 | OK | |
r-oldrel-macos-x86_64 | 0.99.0 | OK | ||||
r-oldrel-windows-ix86+x86_64 | 0.99.0 | 4.00 | 37.00 | 41.00 | OK |
Version: 0.99.0
Check: for non-standard things in the check directory
Result: NOTE
Found the following files/directories:
'KSEA Bar Plot.tiff' 'KSEA Kinase Scores.csv'
'KSEA.Merged.Heatmap.png' 'Kinase-Substrate Links.csv'
Flavors: r-devel-linux-x86_64-debian-clang, r-devel-linux-x86_64-debian-gcc, r-devel-linux-x86_64-fedora-clang, r-devel-linux-x86_64-fedora-gcc, r-patched-linux-x86_64, r-patched-solaris-x86, r-release-linux-x86_64