CRAN Package Check Results for Package KSEAapp

Last updated on 2022-01-24 11:53:02 CET.

Flavor Version Tinstall Tcheck Ttotal Status Flags
r-devel-linux-x86_64-debian-clang 0.99.0 2.52 40.34 42.86 NOTE
r-devel-linux-x86_64-debian-gcc 0.99.0 2.50 31.79 34.29 NOTE
r-devel-linux-x86_64-fedora-clang 0.99.0 54.43 NOTE
r-devel-linux-x86_64-fedora-gcc 0.99.0 43.41 NOTE
r-devel-windows-x86_64-new-UL 0.99.0 24.00 62.00 86.00 OK
r-devel-windows-x86_64-new-TK 0.99.0 OK
r-patched-linux-x86_64 0.99.0 2.36 38.53 40.89 NOTE
r-release-linux-x86_64 0.99.0 2.41 39.54 41.95 NOTE
r-release-macos-arm64 0.99.0 OK
r-release-macos-x86_64 0.99.0 OK
r-release-windows-ix86+x86_64 0.99.0 6.00 50.00 56.00 OK
r-oldrel-macos-x86_64 0.99.0 OK
r-oldrel-windows-ix86+x86_64 0.99.0 7.00 51.00 58.00 OK

Check Details

Version: 0.99.0
Check: for non-standard things in the check directory
Result: NOTE
    Found the following files/directories:
     'KSEA Bar Plot.tiff' 'KSEA Kinase Scores.csv'
     'KSEA.Merged.Heatmap.png' 'Kinase-Substrate Links.csv'
Flavors: r-devel-linux-x86_64-debian-clang, r-devel-linux-x86_64-debian-gcc, r-devel-linux-x86_64-fedora-clang, r-devel-linux-x86_64-fedora-gcc, r-patched-linux-x86_64, r-release-linux-x86_64