CRAN Package Check Results for Package KScorrect

Last updated on 2019-04-25 05:49:43 CEST.

Flavor Version Tinstall Tcheck Ttotal Status Flags
r-devel-linux-x86_64-debian-clang 1.2.4 2.04 29.39 31.43 OK
r-devel-linux-x86_64-debian-gcc 1.2.4 1.55 23.39 24.94 OK
r-devel-linux-x86_64-fedora-clang 1.2.4 36.90 OK
r-devel-linux-x86_64-fedora-gcc 1.2.4 36.12 OK
r-devel-windows-ix86+x86_64 1.2.4 6.00 49.00 55.00 OK
r-patched-linux-x86_64 1.2.4 1.79 30.08 31.87 OK
r-patched-solaris-x86 1.2.4 53.50 OK
r-release-linux-x86_64 1.2.4 1.39 29.25 30.64 OK
r-release-windows-ix86+x86_64 1.2.4 3.00 56.00 59.00 OK
r-release-osx-x86_64 1.2.4 OK
r-oldrel-windows-ix86+x86_64 1.2.3 4.00 34.00 38.00 OK
r-oldrel-osx-x86_64 1.2.4 ERROR

Check Details

Version: 1.2.4
Check: whether package can be installed
Result: ERROR
    Installation failed.
Flavor: r-oldrel-osx-x86_64