CRAN Package Check Results for Package KScorrect

Last updated on 2019-02-18 23:51:33 CET.

Flavor Version Tinstall Tcheck Ttotal Status Flags
r-devel-linux-x86_64-debian-clang 1.2.4 1.70 31.24 32.94 OK
r-devel-linux-x86_64-debian-gcc 1.2.4 1.60 24.21 25.81 OK
r-devel-linux-x86_64-fedora-clang 1.2.4 39.21 OK
r-devel-linux-x86_64-fedora-gcc 1.2.4 37.33 OK
r-devel-windows-ix86+x86_64 1.2.4 4.00 42.00 46.00 OK
r-patched-linux-x86_64 1.2.4 1.44 29.54 30.98 OK
r-patched-solaris-x86 1.2.4 51.60 OK
r-release-linux-x86_64 1.2.4 OK
r-release-windows-ix86+x86_64 1.2.4 3.00 62.00 65.00 OK
r-release-osx-x86_64 1.2.4 OK
r-oldrel-windows-ix86+x86_64 1.2.3 4.00 34.00 38.00 OK
r-oldrel-osx-x86_64 1.2.4 ERROR

Check Details

Version: 1.2.4
Check: whether package can be installed
Result: ERROR
    Installation failed.
Flavor: r-oldrel-osx-x86_64