Last updated on 2024-04-25 23:51:46 CEST.
Flavor | Version | Tinstall | Tcheck | Ttotal | Status | Flags |
---|---|---|---|---|---|---|
r-devel-linux-x86_64-debian-clang | 1.1.5 | 39.37 | 91.13 | 130.50 | NOTE | |
r-devel-linux-x86_64-debian-gcc | 1.1.5 | 28.82 | 64.86 | 93.68 | NOTE | |
r-devel-linux-x86_64-fedora-clang | 1.1.5 | 171.54 | NOTE | |||
r-devel-linux-x86_64-fedora-gcc | 1.1.5 | 176.69 | NOTE | |||
r-devel-windows-x86_64 | 1.1.5 | 32.00 | 108.00 | 140.00 | NOTE | |
r-patched-linux-x86_64 | 1.1.5 | 39.87 | 83.02 | 122.89 | NOTE | |
r-release-linux-x86_64 | 1.1.5 | 34.94 | 85.03 | 119.97 | NOTE | |
r-release-macos-arm64 | 1.1.5 | 49.00 | NOTE | |||
r-release-windows-x86_64 | 1.1.5 | 32.00 | 105.00 | 137.00 | NOTE | |
r-oldrel-macos-arm64 | 1.1.5 | 58.00 | NOTE | |||
r-oldrel-macos-x86_64 | 1.1.5 | 91.00 | NOTE | |||
r-oldrel-windows-x86_64 | 1.1.5 | 38.00 | 129.00 | 167.00 | NOTE |
Version: 1.1.5
Check: C++ specification
Result: NOTE
Specified C++11: please drop specification unless essential
Flavors: r-devel-linux-x86_64-debian-clang, r-devel-linux-x86_64-debian-gcc, r-devel-linux-x86_64-fedora-clang, r-devel-linux-x86_64-fedora-gcc, r-devel-windows-x86_64, r-patched-linux-x86_64, r-release-linux-x86_64, r-release-macos-arm64, r-release-windows-x86_64, r-oldrel-macos-arm64, r-oldrel-macos-x86_64, r-oldrel-windows-x86_64