Last updated on 2023-04-01 11:51:31 CEST.
Flavor | Version | Tinstall | Tcheck | Ttotal | Status | Flags |
---|---|---|---|---|---|---|
r-devel-linux-x86_64-debian-clang | 0.2.1 | 5.28 | 60.11 | 65.39 | OK | |
r-devel-linux-x86_64-debian-gcc | 0.2.1 | 4.94 | 45.22 | 50.16 | OK | |
r-devel-linux-x86_64-fedora-clang | 0.2.1 | 86.55 | NOTE | |||
r-devel-linux-x86_64-fedora-gcc | 0.2.1 | 94.87 | NOTE | |||
r-devel-windows-x86_64 | 0.2.1 | 10.00 | 90.00 | 100.00 | OK | |
r-patched-linux-x86_64 | 0.2.1 | 6.96 | 57.23 | 64.19 | OK | |
r-release-linux-x86_64 | 0.2.1 | 6.47 | 57.76 | 64.23 | OK | |
r-release-macos-arm64 | 0.2.1 | 27.00 | NOTE | |||
r-release-macos-x86_64 | 0.2.1 | 51.00 | NOTE | |||
r-release-windows-x86_64 | 0.2.1 | 32.00 | 103.00 | 135.00 | OK | |
r-oldrel-macos-arm64 | 0.2.1 | 36.00 | NOTE | |||
r-oldrel-macos-x86_64 | 0.2.1 | 53.00 | NOTE | |||
r-oldrel-windows-ix86+x86_64 | 0.2.1 | 15.00 | 91.00 | 106.00 | OK |
Version: 0.2.1
Check: dependencies in R code
Result: NOTE
Namespaces in Imports field not imported from:
‘dplyr’ ‘tibble’
All declared Imports should be used.
Flavors: r-devel-linux-x86_64-fedora-clang, r-devel-linux-x86_64-fedora-gcc, r-release-macos-arm64, r-release-macos-x86_64, r-oldrel-macos-arm64, r-oldrel-macos-x86_64