Last updated on 2024-04-25 07:59:56 CEST.
Flavor | Version | Tinstall | Tcheck | Ttotal | Status | Flags |
---|---|---|---|---|---|---|
r-devel-linux-x86_64-debian-clang | 2.0 | 11.98 | 158.50 | 170.48 | OK | |
r-devel-linux-x86_64-debian-gcc | 2.0 | 7.52 | 114.23 | 121.75 | OK | |
r-devel-linux-x86_64-fedora-clang | 2.0 | 209.33 | NOTE | |||
r-devel-linux-x86_64-fedora-gcc | 2.0 | 208.50 | NOTE | |||
r-devel-windows-x86_64 | 2.0 | 10.00 | 183.00 | 193.00 | OK | |
r-patched-linux-x86_64 | 2.0 | 12.08 | 149.28 | 161.36 | OK | |
r-release-linux-x86_64 | 2.0 | 11.69 | 148.69 | 160.38 | OK | |
r-release-macos-arm64 | 2.0 | 69.00 | OK | |||
r-release-windows-x86_64 | 2.0 | 9.00 | 187.00 | 196.00 | OK | |
r-oldrel-macos-arm64 | 2.0 | 61.00 | OK | |||
r-oldrel-macos-x86_64 | 2.0 | 109.00 | OK | |||
r-oldrel-windows-x86_64 | 2.0 | 14.00 | 202.00 | 216.00 | OK |
Version: 2.0
Check: dependencies in R code
Result: NOTE
Namespace in Imports field not imported from: ‘robustbase’
All declared Imports should be used.
Flavors: r-devel-linux-x86_64-fedora-clang, r-devel-linux-x86_64-fedora-gcc