CRAN Package Check Results for Package LCAvarsel

Last updated on 2020-12-02 23:51:07 CET.

Flavor Version Tinstall Tcheck Ttotal Status Flags
r-devel-linux-x86_64-debian-clang 1.1 4.43 35.78 40.21 OK
r-devel-linux-x86_64-debian-gcc 1.1 3.54 28.14 31.68 OK
r-devel-linux-x86_64-fedora-clang 1.1 53.59 NOTE
r-devel-linux-x86_64-fedora-gcc 1.1 45.17 NOTE
r-devel-windows-ix86+x86_64 1.1 7.00 49.00 56.00 OK
r-patched-linux-x86_64 1.1 4.45 33.66 38.11 OK
r-patched-solaris-x86 1.1 68.60 NOTE
r-release-linux-x86_64 1.1 4.51 33.71 38.22 OK
r-release-macos-x86_64 1.1 NOTE
r-release-windows-ix86+x86_64 1.1 5.00 50.00 55.00 OK
r-oldrel-macos-x86_64 1.1 NOTE
r-oldrel-windows-ix86+x86_64 1.1 5.00 48.00 53.00 OK

Check Details

Version: 1.1
Check: dependencies in R code
Result: NOTE
    Namespace in Imports field not imported from: ‘doParallel’
     All declared Imports should be used.
Flavors: r-devel-linux-x86_64-fedora-clang, r-devel-linux-x86_64-fedora-gcc, r-patched-solaris-x86, r-release-macos-x86_64, r-oldrel-macos-x86_64