CRAN Package Check Results for Package LCF

Last updated on 2021-10-28 11:51:30 CEST.

Flavor Version Tinstall Tcheck Ttotal Status Flags
r-devel-linux-x86_64-debian-clang 1.7.0 2.46 32.32 34.78 NOTE
r-devel-linux-x86_64-debian-gcc 1.7.0 1.92 25.02 26.94 NOTE
r-devel-linux-x86_64-fedora-clang 1.7.0 53.34 NOTE
r-devel-linux-x86_64-fedora-gcc 1.7.0 45.42 NOTE
r-devel-windows-x86_64 1.7.0 5.00 52.00 57.00 OK
r-devel-windows-x86_64-gcc10-UCRT 1.7.0 OK
r-patched-linux-x86_64 1.7.0 2.30 31.82 34.12 NOTE
r-patched-solaris-x86 1.7.0 59.40 NOTE
r-release-linux-x86_64 1.7.0 2.30 31.53 33.83 NOTE
r-release-macos-arm64 1.7.0 OK
r-release-macos-x86_64 1.7.0 OK
r-release-windows-ix86+x86_64 1.7.0 8.00 53.00 61.00 OK
r-oldrel-macos-x86_64 1.7.0 OK
r-oldrel-windows-ix86+x86_64 1.7.0 5.00 46.00 51.00 OK

Check Details

Version: 1.7.0
Check: for non-standard things in the check directory
Result: NOTE
    Found the following files/directories:
     'temp.float.csv' 'temp.result.athena.csv'
Flavors: r-devel-linux-x86_64-debian-clang, r-devel-linux-x86_64-debian-gcc, r-devel-linux-x86_64-fedora-clang, r-devel-linux-x86_64-fedora-gcc, r-patched-linux-x86_64, r-patched-solaris-x86, r-release-linux-x86_64