Last updated on 2023-05-28 05:52:10 CEST.
Flavor | Version | Tinstall | Tcheck | Ttotal | Status | Flags |
---|---|---|---|---|---|---|
r-devel-linux-x86_64-debian-clang | 0.1.2 | 7.73 | 63.36 | 71.09 | OK | |
r-devel-linux-x86_64-debian-gcc | 0.1.2 | 6.11 | 47.77 | 53.88 | OK | |
r-devel-linux-x86_64-fedora-clang | 0.1.2 | 87.01 | NOTE | |||
r-devel-linux-x86_64-fedora-gcc | 0.1.2 | 102.76 | NOTE | |||
r-devel-windows-x86_64 | 0.1.2 | 9.00 | 72.00 | 81.00 | OK | |
r-patched-linux-x86_64 | 0.1.2 | 14.26 | 60.10 | 74.36 | OK | |
r-release-linux-x86_64 | 0.1.2 | 6.26 | 59.58 | 65.84 | OK | |
r-release-macos-arm64 | 0.1.2 | 45.00 | OK | |||
r-release-macos-x86_64 | 0.1.2 | 55.00 | OK | |||
r-release-windows-x86_64 | 0.1.2 | 11.00 | 77.00 | 88.00 | OK | |
r-oldrel-macos-arm64 | 0.1.2 | 31.00 | NOTE | |||
r-oldrel-macos-x86_64 | 0.1.2 | 45.00 | NOTE | |||
r-oldrel-windows-x86_64 | 0.1.2 | 12.00 | 77.00 | 89.00 | OK |
Version: 0.1.2
Check: package dependencies
Result: NOTE
Imports includes 28 non-default packages.
Importing from so many packages makes the package vulnerable to any of
them becoming unavailable. Move as many as possible to Suggests and
use conditionally.
Flavor: r-devel-linux-x86_64-fedora-clang
Version: 0.1.2
Check: dependencies in R code
Result: NOTE
Namespaces in Imports field not imported from:
‘DT’ ‘SnowballC’ ‘chinese.misc’ ‘dplyr’ ‘factoextra’ ‘glasso’
‘highcharter’ ‘htmlwidgets’ ‘ldatuning’ ‘qgraph’ ‘quanteda’ ‘rvest’
‘shinyBS’ ‘shinyWidgets’ ‘shinyalert’ ‘shinybusy’ ‘shinycssloaders’
‘shinydashboard’ ‘shinyjs’ ‘stringr’ ‘textmineR’ ‘textplot’ ‘tidyr’
‘topicmodels’
All declared Imports should be used.
Flavors: r-devel-linux-x86_64-fedora-clang, r-devel-linux-x86_64-fedora-gcc, r-oldrel-macos-arm64, r-oldrel-macos-x86_64