CRAN Package Check Results for Package LDATS

Last updated on 2020-11-24 06:46:48 CET.

Flavor Version Tinstall Tcheck Ttotal Status Flags
r-devel-linux-x86_64-debian-clang 0.2.7 12.60 155.45 168.05 OK
r-devel-linux-x86_64-debian-gcc 0.2.7 8.33 114.79 123.12 OK
r-devel-linux-x86_64-fedora-clang 0.2.7 193.01 OK
r-devel-linux-x86_64-fedora-gcc 0.2.7 187.10 OK
r-devel-windows-ix86+x86_64 0.2.7 23.00 209.00 232.00 OK
r-patched-linux-x86_64 0.2.7 10.03 148.30 158.33 OK
r-patched-solaris-x86 0.2.7 267.80 WARN
r-release-linux-x86_64 0.2.7 10.02 147.85 157.87 OK
r-release-macos-x86_64 0.2.7 WARN
r-release-windows-ix86+x86_64 0.2.7 15.00 170.00 185.00 OK
r-oldrel-macos-x86_64 0.2.7 WARN
r-oldrel-windows-ix86+x86_64 0.2.7 12.00 155.00 167.00 OK

Check Details

Version: 0.2.7
Check: re-building of vignette outputs
Result: WARN
    Error(s) in re-building vignettes:
     ...
    --- re-building ‘LDATS_codebase.Rmd’ using rmarkdown
    Warning in engine$weave(file, quiet = quiet, encoding = enc) :
     Pandoc (>= 1.12.3) and/or pandoc-citeproc not available. Falling back to R Markdown v1.
    --- finished re-building ‘LDATS_codebase.Rmd’
    
    --- re-building ‘paper-comparison.Rmd’ using rmarkdown
    Warning in engine$weave(file, quiet = quiet, encoding = enc) :
     Pandoc (>= 1.12.3) and/or pandoc-citeproc not available. Falling back to R Markdown v1.
    Quitting from lines 59-60 (paper-comparison.Rmd)
    Error: processing vignette 'paper-comparison.Rmd' failed with diagnostics:
    object 'params' not found
    --- failed re-building ‘paper-comparison.Rmd’
    
    --- re-building ‘rodents-example.Rmd’ using rmarkdown
    Warning in engine$weave(file, quiet = quiet, encoding = enc) :
     Pandoc (>= 1.12.3) and/or pandoc-citeproc not available. Falling back to R Markdown v1.
    --- finished re-building ‘rodents-example.Rmd’
    
    SUMMARY: processing the following file failed:
     ‘paper-comparison.Rmd’
    
    Error: Vignette re-building failed.
    Execution halted
Flavors: r-patched-solaris-x86, r-release-macos-x86_64, r-oldrel-macos-x86_64