CRAN Package Check Results for Package LDOD

Last updated on 2019-02-16 12:02:30 CET.

Flavor Version Tinstall Tcheck Ttotal Status Flags
r-devel-linux-x86_64-debian-clang 1.0 4.12 70.88 75.00 NOTE
r-devel-linux-x86_64-debian-gcc 1.0 3.15 54.25 57.40 NOTE
r-devel-linux-x86_64-fedora-clang 1.0 88.24 NOTE
r-devel-linux-x86_64-fedora-gcc 1.0 82.63 NOTE
r-devel-windows-ix86+x86_64 1.0 16.00 96.00 112.00 NOTE
r-patched-linux-x86_64 1.0 4.25 66.93 71.18 NOTE
r-patched-solaris-x86 1.0 105.50 NOTE
r-release-linux-x86_64 1.0 4.32 67.35 71.67 NOTE
r-release-windows-ix86+x86_64 1.0 6.00 110.00 116.00 NOTE
r-release-osx-x86_64 1.0 NOTE
r-oldrel-windows-ix86+x86_64 1.0 9.00 111.00 120.00 NOTE
r-oldrel-osx-x86_64 1.0 NOTE

Check Details

Version: 1.0
Check: DESCRIPTION meta-information
Result: NOTE
    Malformed Title field: should not end in a period.
Flavors: r-devel-linux-x86_64-debian-clang, r-devel-linux-x86_64-debian-gcc, r-devel-linux-x86_64-fedora-clang, r-devel-linux-x86_64-fedora-gcc, r-devel-windows-ix86+x86_64, r-patched-linux-x86_64, r-patched-solaris-x86, r-release-linux-x86_64, r-release-windows-ix86+x86_64, r-release-osx-x86_64, r-oldrel-windows-ix86+x86_64, r-oldrel-osx-x86_64

Version: 1.0
Check: top-level files
Result: NOTE
    Non-standard file/directory found at top level:
     ‘LDOD.Rproj’
Flavors: r-devel-linux-x86_64-debian-clang, r-devel-linux-x86_64-debian-gcc, r-devel-linux-x86_64-fedora-clang, r-devel-linux-x86_64-fedora-gcc, r-patched-linux-x86_64, r-release-linux-x86_64

Version: 1.0
Check: R code for possible problems
Result: NOTE
    multistart : <anonymous>: no visible global function definition for
     ‘runif’
    plot.FreD.x: no visible global function definition for ‘modifyList’
    plot.FreD.x: no visible global function definition for ‘abline’
    plot.FreD.x: no visible global function definition for ‘points’
    Undefined global functions or variables:
     abline modifyList points runif
    Consider adding
     importFrom("graphics", "abline", "points")
     importFrom("stats", "runif")
     importFrom("utils", "modifyList")
    to your NAMESPACE file.
Flavors: r-devel-linux-x86_64-debian-clang, r-devel-linux-x86_64-debian-gcc, r-devel-linux-x86_64-fedora-clang, r-devel-linux-x86_64-fedora-gcc, r-devel-windows-ix86+x86_64, r-patched-linux-x86_64, r-patched-solaris-x86, r-release-linux-x86_64, r-release-windows-ix86+x86_64, r-release-osx-x86_64, r-oldrel-windows-ix86+x86_64, r-oldrel-osx-x86_64