CRAN Package Check Results for Package LFDREmpiricalBayes

Last updated on 2021-07-27 17:51:01 CEST.

Flavor Version Tinstall Tcheck Ttotal Status Flags
r-devel-linux-x86_64-debian-clang 1.0 1.93 35.01 36.94 OK
r-devel-linux-x86_64-debian-gcc 1.0 1.74 33.31 35.05 OK
r-devel-linux-x86_64-fedora-clang 1.0 60.18 OK
r-devel-linux-x86_64-fedora-gcc 1.0 48.98 OK
r-devel-windows-x86_64 1.0 4.00 61.00 65.00 OK
r-devel-windows-x86_64-gcc10-UCRT 1.0 OK
r-patched-linux-x86_64 1.0 2.18 34.17 36.35 OK
r-patched-solaris-x86 1.0 81.20 OK
r-release-linux-x86_64 1.0 1.86 41.25 43.11 OK
r-release-macos-arm64 1.0 OK
r-release-macos-x86_64 1.0 ERROR
r-release-windows-ix86+x86_64 1.0 5.00 44.00 49.00 OK
r-oldrel-macos-x86_64 1.0 OK
r-oldrel-windows-ix86+x86_64 1.0 4.00 60.00 64.00 OK

Check Details

Version: 1.0
Check: examples
Result: ERROR
    Running examples in ‘LFDREmpiricalBayes-Ex.R’ failed
    The error most likely occurred in:
    
    > ### Name: ME.log
    > ### Title: Provides Reliable LFDR Estimates by Selecting an Appropriate
    > ### Reference Class
    > ### Aliases: ME.log
    > ### Keywords: Maximum Entropy Method LFDR Estimation Maximum Likelihood
    > ### Reference Class Separate Reference Class Combined Reference Class
    > ### Maximum Likelihood Estimation
    >
    > ### ** Examples
    >
    > #import the function ``lfdr.mle'' from package``LFDR.MLE''
    > library(LFDR.MLE)
    Error in library(LFDR.MLE) : there is no package called ‘LFDR.MLE’
    Execution halted
Flavor: r-release-macos-x86_64