Last updated on 2024-05-19 11:59:46 CEST.
Flavor | Version | Tinstall | Tcheck | Ttotal | Status | Flags |
---|---|---|---|---|---|---|
r-devel-linux-x86_64-debian-clang | 2.1 | 12.84 | 26.47 | 39.31 | NOTE | |
r-devel-linux-x86_64-debian-gcc | 2.1 | 11.88 | 20.59 | 32.47 | NOTE | |
r-devel-linux-x86_64-fedora-clang | 2.1 | 51.46 | NOTE | |||
r-devel-linux-x86_64-fedora-gcc | 2.1 | 53.98 | NOTE | |||
r-devel-windows-x86_64 | 2.1 | 11.00 | 39.00 | 50.00 | NOTE | |
r-patched-linux-x86_64 | 2.1 | 13.31 | 25.90 | 39.21 | NOTE | |
r-release-linux-x86_64 | 2.1 | 12.76 | 25.29 | 38.05 | NOTE | |
r-release-macos-arm64 | 2.1 | 22.00 | NOTE | |||
r-release-windows-x86_64 | 2.1 | 11.00 | 40.00 | 51.00 | NOTE | |
r-oldrel-macos-arm64 | 2.1 | 23.00 | NOTE | |||
r-oldrel-macos-x86_64 | 2.1 | 31.00 | NOTE | |||
r-oldrel-windows-x86_64 | 2.1 | 14.00 | 41.00 | 55.00 | NOTE |
Version: 2.1
Check: LazyData
Result: NOTE
'LazyData' is specified without a 'data' directory
Flavors: r-devel-linux-x86_64-debian-clang, r-devel-linux-x86_64-debian-gcc, r-devel-linux-x86_64-fedora-clang, r-devel-linux-x86_64-fedora-gcc, r-devel-windows-x86_64, r-patched-linux-x86_64, r-release-linux-x86_64, r-release-macos-arm64, r-release-windows-x86_64, r-oldrel-macos-arm64, r-oldrel-macos-x86_64, r-oldrel-windows-x86_64