Last updated on 2024-05-13 05:52:35 CEST.
Flavor | Version | Tinstall | Tcheck | Ttotal | Status | Flags |
---|---|---|---|---|---|---|
r-devel-linux-x86_64-debian-clang | 1.1.0 | 16.88 | 154.79 | 171.67 | NOTE | |
r-devel-linux-x86_64-debian-gcc | 1.1.0 | 10.36 | 112.50 | 122.86 | NOTE | |
r-devel-linux-x86_64-fedora-clang | 1.1.0 | 225.41 | NOTE | |||
r-devel-linux-x86_64-fedora-gcc | 1.1.0 | 282.78 | NOTE | |||
r-devel-windows-x86_64 | 1.1.0 | 13.00 | 116.00 | 129.00 | NOTE | |
r-patched-linux-x86_64 | 1.1.0 | 16.78 | 147.87 | 164.65 | NOTE | |
r-release-linux-x86_64 | 1.1.0 | 16.96 | 147.71 | 164.67 | NOTE | |
r-release-macos-arm64 | 1.1.0 | 61.00 | NOTE | |||
r-release-windows-x86_64 | 1.1.0 | 13.00 | 115.00 | 128.00 | NOTE | |
r-oldrel-macos-arm64 | 1.1.0 | 62.00 | NOTE | |||
r-oldrel-macos-x86_64 | 1.1.0 | 102.00 | NOTE | |||
r-oldrel-windows-x86_64 | 1.1.0 | 18.00 | 140.00 | 158.00 | NOTE |
Version: 1.1.0
Check: LazyData
Result: NOTE
'LazyData' is specified without a 'data' directory
Flavors: r-devel-linux-x86_64-debian-clang, r-devel-linux-x86_64-debian-gcc, r-devel-linux-x86_64-fedora-clang, r-devel-linux-x86_64-fedora-gcc, r-devel-windows-x86_64, r-patched-linux-x86_64, r-release-linux-x86_64, r-release-macos-arm64, r-release-windows-x86_64, r-oldrel-macos-arm64, r-oldrel-macos-x86_64, r-oldrel-windows-x86_64