CRAN Package Check Results for Package LLM

Last updated on 2024-06-18 11:54:49 CEST.

Flavor Version Tinstall Tcheck Ttotal Status Flags
r-devel-linux-x86_64-debian-clang 1.1.0 17.40 158.66 176.06 NOTE
r-devel-linux-x86_64-debian-gcc 1.1.0 13.73 113.28 127.01 NOTE
r-devel-linux-x86_64-fedora-clang 1.1.0 209.15 NOTE
r-devel-linux-x86_64-fedora-gcc 1.1.0 213.51 NOTE
r-devel-windows-x86_64 1.1.0 14.00 118.00 132.00 NOTE
r-patched-linux-x86_64 1.1.0 13.41 150.83 164.24 NOTE
r-release-linux-x86_64 1.1.0 12.95 148.54 161.49 NOTE
r-release-macos-arm64 1.1.0 61.00 NOTE
r-release-macos-x86_64 1.1.0 93.00 NOTE
r-release-windows-x86_64 1.1.0 15.00 118.00 133.00 NOTE
r-oldrel-macos-arm64 1.1.0 62.00 NOTE
r-oldrel-macos-x86_64 1.1.0 102.00 NOTE
r-oldrel-windows-x86_64 1.1.0 17.00 140.00 157.00 NOTE

Check Details

Version: 1.1.0
Check: LazyData
Result: NOTE 'LazyData' is specified without a 'data' directory Flavors: r-devel-linux-x86_64-debian-clang, r-devel-linux-x86_64-debian-gcc, r-devel-linux-x86_64-fedora-clang, r-devel-linux-x86_64-fedora-gcc, r-devel-windows-x86_64, r-patched-linux-x86_64, r-release-linux-x86_64, r-release-macos-arm64, r-release-macos-x86_64, r-release-windows-x86_64, r-oldrel-macos-arm64, r-oldrel-macos-x86_64, r-oldrel-windows-x86_64