CRAN Package Check Results for Package LMest

Last updated on 2021-04-15 05:47:59 CEST.

Flavor Version Tinstall Tcheck Ttotal Status Flags
r-devel-linux-x86_64-debian-clang 3.0.1 32.51 285.34 317.85 OK
r-devel-linux-x86_64-debian-gcc 3.0.1 22.43 209.22 231.65 OK
r-devel-linux-x86_64-fedora-clang 3.0.1 389.73 OK
r-devel-linux-x86_64-fedora-gcc 3.0.1 381.19 OK
r-devel-windows-ix86+x86_64 3.0.1 57.00 335.00 392.00 OK
r-devel-windows-x86_64-gcc10-UCRT 3.0.1 OK
r-patched-linux-x86_64 3.0.1 26.58 259.94 286.52 OK
r-patched-solaris-x86 3.0.1 479.10 OK
r-release-linux-x86_64 3.0.1 25.02 259.32 284.34 OK
r-release-macos-x86_64 3.0.1 OK
r-release-windows-ix86+x86_64 3.0.1 46.00 351.00 397.00 OK
r-oldrel-macos-x86_64 3.0.1 ERROR
r-oldrel-windows-ix86+x86_64 3.0.1 52.00 228.00 280.00 ERROR

Check Details

Version: 3.0.1
Check: R code for possible problems
Result: NOTE
    plot.LMbasic: no visible global function definition for ‘plot’
    plot.LMbasiccont: no visible global function definition for ‘plot’
    plot.LMlatent: no visible global function definition for ‘plot’
    plot.LMlatentcont: no visible global function definition for ‘plot’
    Undefined global functions or variables:
     plot
    Consider adding
     importFrom("graphics", "plot")
    to your NAMESPACE file.
Flavors: r-oldrel-macos-x86_64, r-oldrel-windows-ix86+x86_64

Version: 3.0.1
Check: examples
Result: ERROR
    Running examples in ‘LMest-Ex.R’ failed
    The error most likely occurred in:
    
    > ### Name: lmest
    > ### Title: Estimate Latent Markov models for categorical responses
    > ### Aliases: lmest
    >
    > ### ** Examples
    >
    > ### Basic LM model
    >
    > data("data_SRHS_long")
    > SRHS <- data_SRHS_long[1:2400,]
    >
    > # Categories rescaled to vary from 0 (“poor”) to 4 (“excellent”)
    >
    > SRHS$srhs <- 5 - SRHS$srhs
    >
    > out <- lmest(responsesFormula = srhs ~ NULL,
    + index = c("id","t"),
    + data = SRHS,
    + k = 3,
    + start = 1,
    + modBasic = 1,
    + seed = 123)
    Error in dimnames(Y) <- `*vtmp*` : 'dimnames' must be a list
    Calls: lmest
    Execution halted
Flavor: r-oldrel-macos-x86_64

Version: 3.0.1
Check: running examples for arch ‘i386’
Result: ERROR
    Running examples in 'LMest-Ex.R' failed
    The error most likely occurred in:
    
    > ### Name: lmest
    > ### Title: Estimate Latent Markov models for categorical responses
    > ### Aliases: lmest
    >
    > ### ** Examples
    >
    > ### Basic LM model
    >
    > data("data_SRHS_long")
    > SRHS <- data_SRHS_long[1:2400,]
    >
    > # Categories rescaled to vary from 0 (<c2><93>poor<c2><94>) to 4 (<c2><93>excellent<c2><94>)
    >
    > SRHS$srhs <- 5 - SRHS$srhs
    >
    > out <- lmest(responsesFormula = srhs ~ NULL,
    + index = c("id","t"),
    + data = SRHS,
    + k = 3,
    + start = 1,
    + modBasic = 1,
    + seed = 123)
    Error in dimnames(Y) <- `*vtmp*` : 'dimnames' must be a list
    Calls: lmest
    Execution halted
Flavor: r-oldrel-windows-ix86+x86_64

Version: 3.0.1
Check: running examples for arch ‘x64’
Result: ERROR
    Running examples in 'LMest-Ex.R' failed
    The error most likely occurred in:
    
    > ### Name: lmest
    > ### Title: Estimate Latent Markov models for categorical responses
    > ### Aliases: lmest
    >
    > ### ** Examples
    >
    > ### Basic LM model
    >
    > data("data_SRHS_long")
    > SRHS <- data_SRHS_long[1:2400,]
    >
    > # Categories rescaled to vary from 0 (<c2><93>poor<c2><94>) to 4 (<c2><93>excellent<c2><94>)
    >
    > SRHS$srhs <- 5 - SRHS$srhs
    >
    > out <- lmest(responsesFormula = srhs ~ NULL,
    + index = c("id","t"),
    + data = SRHS,
    + k = 3,
    + start = 1,
    + modBasic = 1,
    + seed = 123)
    Error in dimnames(Y) <- `*vtmp*` : 'dimnames' must be a list
    Calls: lmest
    Execution halted
Flavor: r-oldrel-windows-ix86+x86_64