CRAN Package Check Results for Package LPTime

Last updated on 2022-01-24 17:50:00 CET.

Flavor Version Tinstall Tcheck Ttotal Status Flags
r-devel-linux-x86_64-debian-clang 1.0-2 2.23 32.75 34.98 NOTE
r-devel-linux-x86_64-debian-gcc 1.0-2 1.60 25.87 27.47 NOTE
r-devel-linux-x86_64-fedora-clang 1.0-2 43.82 NOTE
r-devel-linux-x86_64-fedora-gcc 1.0-2 32.78 NOTE
r-devel-windows-x86_64-new-UL 1.0-2 11.00 51.00 62.00 NOTE
r-devel-windows-x86_64-new-TK 1.0-2 NOTE
r-patched-linux-x86_64 1.0-2 1.95 31.75 33.70 NOTE
r-release-linux-x86_64 1.0-2 1.90 31.85 33.75 NOTE
r-release-macos-arm64 1.0-2 NOTE
r-release-macos-x86_64 1.0-2 NOTE
r-release-windows-ix86+x86_64 1.0-2 4.00 42.00 46.00 NOTE
r-oldrel-macos-x86_64 1.0-2 NOTE
r-oldrel-windows-ix86+x86_64 1.0-2 5.00 40.00 45.00 NOTE

Check Details

Version: 1.0-2
Check: R code for possible problems
Result: NOTE
    LP.comoment: no visible global function definition for 'cor'
    LP.comoment: no visible global function definition for 'cov'
    LP.moment: no visible global function definition for 'cor'
    LPTrans: no visible global function definition for 'ecdf'
    VAR: no visible global function definition for 'embed'
    VAR: no visible global function definition for 'lm'
    Undefined global functions or variables:
     cor cov ecdf embed lm
    Consider adding
     importFrom("stats", "cor", "cov", "ecdf", "embed", "lm")
    to your NAMESPACE file.
Flavors: r-devel-linux-x86_64-debian-clang, r-devel-linux-x86_64-debian-gcc, r-devel-linux-x86_64-fedora-clang, r-devel-linux-x86_64-fedora-gcc, r-devel-windows-x86_64-new-UL, r-devel-windows-x86_64-new-TK, r-patched-linux-x86_64, r-release-linux-x86_64, r-release-macos-arm64, r-release-macos-x86_64, r-release-windows-ix86+x86_64, r-oldrel-macos-x86_64, r-oldrel-windows-ix86+x86_64