Last updated on 2024-05-21 17:50:01 CEST.
Flavor | Version | Tinstall | Tcheck | Ttotal | Status | Flags |
---|---|---|---|---|---|---|
r-devel-linux-x86_64-debian-clang | 0.1.1 | 2.58 | 24.80 | 27.38 | NOTE | |
r-devel-linux-x86_64-debian-gcc | 0.1.1 | 2.05 | 18.73 | 20.78 | NOTE | |
r-devel-linux-x86_64-fedora-clang | 0.1.1 | 33.95 | NOTE | |||
r-devel-linux-x86_64-fedora-gcc | 0.1.1 | 31.69 | NOTE | |||
r-devel-windows-x86_64 | 0.1.1 | 3.00 | 40.00 | 43.00 | NOTE | |
r-patched-linux-x86_64 | 0.1.1 | 2.63 | 23.42 | 26.05 | NOTE | |
r-release-linux-x86_64 | 0.1.1 | 2.53 | 22.99 | 25.52 | NOTE | |
r-release-macos-arm64 | 0.1.1 | 16.00 | NOTE | |||
r-release-windows-x86_64 | 0.1.1 | 3.00 | 40.00 | 43.00 | NOTE | |
r-oldrel-macos-arm64 | 0.1.1 | 16.00 | NOTE | |||
r-oldrel-macos-x86_64 | 0.1.1 | 21.00 | NOTE | |||
r-oldrel-windows-x86_64 | 0.1.1 | 3.00 | 40.00 | 43.00 | NOTE |
Version: 0.1.1
Check: LazyData
Result: NOTE
'LazyData' is specified without a 'data' directory
Flavors: r-devel-linux-x86_64-debian-clang, r-devel-linux-x86_64-debian-gcc, r-devel-linux-x86_64-fedora-clang, r-devel-linux-x86_64-fedora-gcc, r-devel-windows-x86_64, r-patched-linux-x86_64, r-release-linux-x86_64, r-release-macos-arm64, r-release-windows-x86_64, r-oldrel-macos-arm64, r-oldrel-macos-x86_64, r-oldrel-windows-x86_64