Last updated on 2024-04-23 23:56:06 CEST.
Flavor | Version | Tinstall | Tcheck | Ttotal | Status | Flags |
---|---|---|---|---|---|---|
r-devel-linux-x86_64-debian-clang | 0.1.3 | 6.36 | 86.51 | 92.87 | NOTE | |
r-devel-linux-x86_64-debian-gcc | 0.1.3 | 6.35 | 62.56 | 68.91 | NOTE | |
r-devel-linux-x86_64-fedora-clang | 0.1.3 | 116.42 | NOTE | |||
r-devel-linux-x86_64-fedora-gcc | 0.1.3 | 108.40 | NOTE | |||
r-prerel-macos-arm64 | 0.1.3 | 36.00 | NOTE | |||
r-prerel-windows-x86_64 | 0.1.3 | 10.00 | 79.00 | 89.00 | NOTE | |
r-patched-linux-x86_64 | 0.1.3 | 6.19 | 79.03 | 85.22 | NOTE | |
r-release-linux-x86_64 | 0.1.3 | 9.31 | 81.49 | 90.80 | NOTE | |
r-release-macos-arm64 | 0.1.3 | 35.00 | NOTE | |||
r-release-macos-x86_64 | 0.1.3 | 54.00 | NOTE | |||
r-release-windows-x86_64 | 0.1.3 | 10.00 | 93.00 | 103.00 | NOTE | |
r-oldrel-macos-arm64 | 0.1.3 | 42.00 | NOTE | |||
r-oldrel-windows-x86_64 | 0.1.3 | 11.00 | 95.00 | 106.00 | NOTE |
Version: 0.1.3
Check: LazyData
Result: NOTE
'LazyData' is specified without a 'data' directory
Flavors: r-devel-linux-x86_64-debian-clang, r-devel-linux-x86_64-debian-gcc, r-devel-linux-x86_64-fedora-clang, r-devel-linux-x86_64-fedora-gcc, r-prerel-macos-arm64, r-prerel-windows-x86_64, r-patched-linux-x86_64, r-release-linux-x86_64, r-release-macos-arm64, r-release-macos-x86_64, r-release-windows-x86_64, r-oldrel-macos-arm64, r-oldrel-windows-x86_64